{"id":1247,"date":"2018-10-23T17:52:33","date_gmt":"2018-10-23T17:52:33","guid":{"rendered":"http:\/\/localhost\/?page_id=1247"},"modified":"2021-11-04T18:09:17","modified_gmt":"2021-11-04T18:09:17","slug":"kornyezetvedelmi-kepzes","status":"publish","type":"page","link":"https:\/\/new.rothszki.hu\/index.php\/kepzesek\/kornyezetvedelmi-kepzes\/","title":{"rendered":"K\u00f6rnyezetv\u00e9delmi k\u00e9pz\u00e9s"},"content":{"rendered":"\n<div class=\"wp-block-media-text alignwide is-stacked-on-mobile\"><figure class=\"wp-block-media-text__media\"><a href=\"https:\/\/youtu.be\/asq0bboRzcI\" target=\"_blank\" rel=\"noopener\"><img loading=\"lazy\" decoding=\"async\" width=\"856\" height=\"481\" src=\"https:\/\/new.rothszki.hu\/wp-content\/uploads\/2021\/11\/kornyezetvedo.jpg\" alt=\"\" class=\"wp-image-7500 size-full\" srcset=\"https:\/\/new.rothszki.hu\/wp-content\/uploads\/2021\/11\/kornyezetvedo.jpg 856w, https:\/\/new.rothszki.hu\/wp-content\/uploads\/2021\/11\/kornyezetvedo-300x169.jpg 300w, https:\/\/new.rothszki.hu\/wp-content\/uploads\/2021\/11\/kornyezetvedo-768x432.jpg 768w, https:\/\/new.rothszki.hu\/wp-content\/uploads\/2021\/11\/kornyezetvedo-465x261.jpg 465w, https:\/\/new.rothszki.hu\/wp-content\/uploads\/2021\/11\/kornyezetvedo-695x391.jpg 695w\" sizes=\"auto, (max-width: 856px) 100vw, 856px\" \/><\/a><\/figure><div class=\"wp-block-media-text__content\">\n<p class=\"has-medium-font-size\">K<strong>\u00f6rnyezetv\u00e9delmi technikus k\u00e9pz\u00e9s<\/strong> <strong>bemutat\u00f3 filmje<\/strong><\/p>\n<\/div><\/div>\n\n\n<h1>K\u00f6rnyezetv\u00e9delmi technikus k\u00e9pz\u00e9s<\/h1>\n<p>5 0712 1402<\/p>\n<p>A k\u00f6rnyezet kizs\u00e1km\u00e1nyol\u00e1sa egyid\u0151s az emberis\u00e9ggel, viszont a term\u00e9szet \u00e9s mesters\u00e9ges k\u00f6rnyezet\u00fcnk meg\u00f3v\u00e1s\u00e1hoz sz\u00fcks\u00e9ges \u00f6sszefog\u00e1a fontoss\u00e1g\u00e1ra, a XX. sz\u00e1zad k\u00f6zep\u00e9n d\u00f6bbent r\u00e1 az ember. A fokozott k\u00f6rnyezet- \u00e9s term\u00e9szethaszn\u00e1latr\u00e9v\u00e9n fell\u00e9p\u0151 lok\u00e1lis, majd glob\u00e1lis probl\u00e9m\u00e1k megold\u00e1s\u00e1t m\u00e1r nem od\u00e1zhatja el tov\u00e1bb az emberis\u00e9g.<\/p>\n<p>A k\u00f6rnyezetv\u00e9delmi technikusok felada a term\u00e9szet v\u00e9delm\u00e9vel, az \u00e9p\u00edtett k\u00f6rnyezet meg\u00f3v\u00e1s\u00e1val kapcsolatos m\u00e9r\u00e9sek elv\u00e9gz\u00e9se, az eredm\u00e9nyek sz\u00e1mszer\u0171s\u00edt\u00e9se, az ok-okozati viszonyok felt\u00e1r\u00e1sa, s nem utols\u00f3 sorban a megold\u00e1sokra val\u00f3 javaslatt\u00e9tel. A d\u00f6nt\u00e9shoz\u00f3k fel\u00e9 kommunik\u00e1lniuk kell a felmer\u00fcl\u0151 probl\u00e9m\u00e1kat, a megoldand\u00f3 k\u00f6rnyezetv\u00e9delmi feladatokat, eredm\u00e9nyeket, melyhez felel\u0151ss\u00e9gteljes, komplex gondolkod\u00e1ssal b\u00edr\u00f3, elhivatott szakember sz\u00fcks\u00e9ges. A leend\u0151 k\u00f6rnyezetv\u00e9delmi technikusoknak magabiztos tud\u00e1ssal kell rendelkezni\u00fck a biol\u00f3gia, \u00f6kol\u00f3gia, k\u00e9mia, a f\u00f6ldtudom\u00e1nyok \u00e9s a m\u0171szaki tudom\u00e1nyok ter\u00e9n, amelyekre felk\u00e9sz\u00edtj\u00fck tanul\u00f3inkat.<\/p>\n<h2>A k\u00e9pz\u00e9s id\u0151tartama<\/h2>\n<p>Azoknak a tanul\u00f3knak, akik a k\u00f6rnyezetv\u00e9delem \u00e9s v\u00edz\u00fcgy \u00e1gazatban folytatj\u00e1k a tanulm\u00e1nyaikat, \u00e1tj\u00e1rhat\u00f3 az iskol\u00e1k k\u00f6z\u00f6tt a k\u00e9pz\u00e9s; \u0151k <strong>5 \u00e9v <\/strong>alatt szereznek szakmai v\u00e9gzetts\u00e9get.<\/p>\n<p>\u00c9retts\u00e9givel:&nbsp;<strong>2 \u00e9v<\/strong><br>Azoknak a tanul\u00f3knak, akik m\u00e1s szakir\u00e1ny\u00fa szakk\u00f6z\u00e9piskol\u00e1ban, vagy gimn\u00e1ziumban tettek \u00e9retts\u00e9gi vizsg\u00e1t, <strong>2 \u00e9v<\/strong>.<\/p>\n<h2>A k\u00e9pz\u00e9s c\u00e9lja<\/h2>\n<p>K\u00f6rnyezetv\u00e9delmi \u00e9s term\u00e9szetv\u00e9delmi szervezetek, hat\u00f3s\u00e1gok, nemzeti parkok, \u00f6nkorm\u00e1nyzatok k\u00f6rnyezet-, term\u00e9szet- \u00e9s t\u00e1jv\u00e9delmi k\u00f6z\u00e9pvezet\u0151i feladatainak ell\u00e1t\u00e1s\u00e1ra alkalmas technikusok k\u00e9pz\u00e9se, tov\u00e1bb\u00e1 fels\u0151fok\u00fa, f\u0151iskolai\/egyetemi k\u00e9pz\u00e9sre val\u00f3 felk\u00e9sz\u00edt\u00e9s.<\/p>\n<h2>Szakmai elm\u00e9leti \u00e9s gyakorlati t\u00e1rgyak<\/h2>\n<ul>\n<li>K\u00f6rnyezettechnikai alapok<\/li>\n<li>K\u00f6rnyezetv\u00e9delmi alapismeretek<\/li>\n<li>Hidraulika alapjai<\/li>\n<li>Anyagismeret<\/li>\n<li>F\u00f6ldm\u00e9r\u00e9stani alapismeretek<\/li>\n<li>K\u00f6rnyezetv\u00e9delmi gyakorlat<\/li>\n<li>K\u00f6rnyezetv\u00e9delmi m\u00e9r\u00e9sek<\/li>\n<li>K\u00f6rnyezetv\u00e9delmi technol\u00f3gi\u00e1k<\/li>\n<li>Jogi-, \u00e9s szakigazgat\u00e1si ismeretek<\/li>\n<li>Analitika<\/li>\n<li>M\u0171szeres analitika<\/li>\n<li>K\u00f6rnyezeti analitika<\/li>\n<li>Biol\u00f3giai vizsg\u00e1latok<\/li>\n<\/ul>\n<h2>Tanul\u00f3ink az elm\u00e9leti \u00e9s gyakorlati k\u00e9pz\u00e9s sor\u00e1n<\/h2>\n<ul>\n<li>megismerik a k\u00f6rnyezetet s\u00fajt\u00f3 legfontosabb glob\u00e1lis probl\u00e9m\u00e1kat,<\/li>\n<li>k\u00e9pess\u00e9 v\u00e1lnak a k\u00f6rnyezeti adatok nyilv\u00e1ntart\u00e1s\u00e1ra, a k\u00fcl\u00f6nb\u00f6z\u0151 technol\u00f3gi\u00e1k szennyez\u0151 forr\u00e1sainak felt\u00e1r\u00e1s\u00e1ra \u00e9s nyilv\u00e1ntart\u00e1s\u00e1ra,<\/li>\n<li>k\u00e9pess\u00e9 v\u00e1lnak \u00f6n\u00e1ll\u00f3 m\u00e9r\u00e9sek elv\u00e9gz\u00e9s\u00e9re, a kapott eredm\u00e9nyek ki\u00e9rt\u00e9kel\u00e9s\u00e9re,<\/li>\n<li>megismerik a k\u00f6rnyezetv\u00e9delmi ellen\u0151rz\u00e9ssel, szab\u00e1lys\u00e9rt\u00e9si \u00fcgyekkel kapcsolatos feladatokat,<\/li>\n<li>alkalmass\u00e1 v\u00e1lnak az \u00fczemeltet\u00e9s, vagy m\u0171k\u00f6d\u00e9s sor\u00e1n felmer\u00fcl\u0151 m\u0171szaki-szakigazgat\u00e1si feladatok ell\u00e1t\u00e1s\u00e1ra,<\/li>\n<li>megismerik a k\u00f6rnyezetv\u00e9delmi tervek k\u00e9sz\u00edt\u00e9s\u00e9nek menet\u00e9t,<\/li>\n<li>elsaj\u00e1t\u00edtj\u00e1k a fenntart\u00e1si, kezel\u00e9si feladatokhoz sz\u00fcks\u00e9ges ismereteket<\/li>\n<li>alkalmass\u00e1 v\u00e1lnak mez\u0151gazdas\u00e1gi \u00e9s erd\u0151gazdas\u00e1gi kezel\u00e9sben l\u00e9v\u0151 term\u00e9szetv\u00e9delmi ter\u00fcletek k\u00f6rnyezet- \u00e9s term\u00e9szetv\u00e9delmi tev\u00e9kenys\u00e9g\u00e9nek racionaliz\u00e1l\u00e1s\u00e1ra<\/li>\n<li>elsaj\u00e1t\u00edtj\u00e1k a p\u00e1ly\u00e1zat\u00edr\u00e1shoz \u00e9s megval\u00f3s\u00edt\u00e1si munk\u00e1khoz sz\u00fcks\u00e9ges ismereteket<\/li>\n<li>k\u00e9pess\u00e9 v\u00e1lnak az \u00f6n\u00e1ll\u00f3 munkav\u00e9gz\u00e9sre, tov\u00e1bb\u00e1 kisebb munkacsoportok szakmai munk\u00e1j\u00e1nak ir\u00e1ny\u00edt\u00e1s\u00e1ra<\/li>\n<\/ul>\n<h2>A szakk\u00e9pes\u00edt\u00e9s munkater\u00fcletei<\/h2>\n<ul>\n<li>\u00d6n\u00e1ll\u00f3an vagy m\u00e9rn\u00f6ki ir\u00e1ny\u00edt\u00e1ssal m\u00e9r\u0151m\u0171szerek seg\u00edts\u00e9g\u00e9vel meg\u00e1llap\u00edtja a k\u00f6rnyezetszennyez\u0151 anyagok \u00e9s egy\u00e9b eg\u00e9szs\u00e9gk\u00e1ros\u00edt\u00f3 t\u00e9nyez\u0151k nagys\u00e1g\u00e1t, koncentr\u00e1ci\u00f3j\u00e1t, a ki\u00e9rt\u00e9kelt eredm\u00e9nyek alapj\u00e1n meghat\u00e1rozza a tennival\u00f3kat.<\/li>\n<li>R\u00e9szt vesz k\u00f6rnyezetv\u00e9delmi szakhat\u00f3s\u00e1gi feladatok (enged\u00e9lyez\u00e9si elj\u00e1r\u00e1sok, ellen\u0151rz\u00e9sek, hat\u00f3s\u00e1gi bej\u00e1r\u00e1sok, k\u00f6rnyezeti hat\u00e1svizsg\u00e1latok) el\u0151k\u00e9sz\u00edt\u00e9s\u00e9ben, azok v\u00e9grehajt\u00e1s\u00e1ban.<\/li>\n<li>Helyi term\u00e9szeti \u00e9rt\u00e9kek v\u00e9delm\u00e9ben \u00e9s a t\u00e1jv\u00e9delem feladataiban r\u00e9szt vesz.<\/li>\n<li>K\u00f6zter\u00fclet-fel\u00fcgyeleti feladatokat l\u00e1t el.<\/li>\n<li>Telep\u00fcl\u00e9si z\u00f6ldfel\u00fclet-gazd\u00e1lkod\u00e1si \u00e9s fenntart\u00e1si feladatokat v\u00e9gez.<\/li>\n<li>Gazd\u00e1lkod\u00f3i tev\u00e9kenys\u00e9gek ell\u00e1t\u00e1s\u00e1ban \u00e9s ellen\u0151rz\u00e9s\u00e9ben val\u00f3 r\u00e9szv\u00e9tel.<\/li>\n<li>Lakoss\u00e1gi kapcsolatok fejleszt\u00e9s\u00e9ben r\u00e9szt vesz (term\u00e9szetv\u00e9delmi turizmus, egyes\u00fcletek, alap\u00edtv\u00e1nyok t\u00e1mogat\u00e1s\u00e1ban val\u00f3 r\u00e9szv\u00e9tel).<\/li>\n<\/ul>\n\n\n<p><\/p>\n","protected":false},"excerpt":{"rendered":"<p>K\u00f6rnyezetv\u00e9delmi technikus k\u00e9pz\u00e9s bemutat\u00f3 filmje K\u00f6rnyezetv\u00e9delmi technikus k\u00e9pz\u00e9s 5 0712 1402 A k\u00f6rnyezet kizs\u00e1km\u00e1nyol\u00e1sa egyid\u0151s az emberis\u00e9ggel, viszont a term\u00e9szet \u00e9s mesters\u00e9ges k\u00f6rnyezet\u00fcnk meg\u00f3v\u00e1s\u00e1hoz sz\u00fcks\u00e9ges \u00f6sszefog\u00e1a fontoss\u00e1g\u00e1ra, a XX. sz\u00e1zad k\u00f6zep\u00e9n d\u00f6bbent r\u00e1 az ember. A fokozott k\u00f6rnyezet- \u00e9s term\u00e9szethaszn\u00e1latr\u00e9v\u00e9n fell\u00e9p\u0151 lok\u00e1lis, majd glob\u00e1lis probl\u00e9m\u00e1k megold\u00e1s\u00e1t m\u00e1r nem od\u00e1zhatja el<span class=\"more-link\"><a href=\"https:\/\/new.rothszki.hu\/index.php\/kepzesek\/kornyezetvedelmi-kepzes\/\">Tov\u00e1bb&#8230;<\/a><\/span><\/p>\n","protected":false},"author":2,"featured_media":2211,"parent":47,"menu_order":0,"comment_status":"closed","ping_status":"closed","template":"","meta":{"_monsterinsights_skip_tracking":false,"_monsterinsights_sitenote_active":false,"_monsterinsights_sitenote_note":"","_monsterinsights_sitenote_category":0,"footnotes":""},"class_list":["entry","author-wordpress","post-1247","page","type-page","status-publish","has-post-thumbnail"],"_links":{"self":[{"href":"https:\/\/new.rothszki.hu\/index.php\/wp-json\/wp\/v2\/pages\/1247","targetHints":{"allow":["GET"]}}],"collection":[{"href":"https:\/\/new.rothszki.hu\/index.php\/wp-json\/wp\/v2\/pages"}],"about":[{"href":"https:\/\/new.rothszki.hu\/index.php\/wp-json\/wp\/v2\/types\/page"}],"author":[{"embeddable":true,"href":"https:\/\/new.rothszki.hu\/index.php\/wp-json\/wp\/v2\/users\/2"}],"replies":[{"embeddable":true,"href":"https:\/\/new.rothszki.hu\/index.php\/wp-json\/wp\/v2\/comments?post=1247"}],"version-history":[{"count":9,"href":"https:\/\/new.rothszki.hu\/index.php\/wp-json\/wp\/v2\/pages\/1247\/revisions"}],"predecessor-version":[{"id":7515,"href":"https:\/\/new.rothszki.hu\/index.php\/wp-json\/wp\/v2\/pages\/1247\/revisions\/7515"}],"up":[{"embeddable":true,"href":"https:\/\/new.rothszki.hu\/index.php\/wp-json\/wp\/v2\/pages\/47"}],"wp:featuredmedia":[{"embeddable":true,"href":"https:\/\/new.rothszki.hu\/index.php\/wp-json\/wp\/v2\/media\/2211"}],"wp:attachment":[{"href":"https:\/\/new.rothszki.hu\/index.php\/wp-json\/wp\/v2\/media?parent=1247"}],"curies":[{"name":"wp","href":"https:\/\/api.w.org\/{rel}","templated":true}]}}