{"id":1423,"date":"2018-10-26T06:22:50","date_gmt":"2018-10-26T06:22:50","guid":{"rendered":"http:\/\/localhost\/?page_id=1423"},"modified":"2018-12-21T06:44:38","modified_gmt":"2018-12-21T06:44:38","slug":"adatok","status":"publish","type":"page","link":"https:\/\/new.rothszki.hu\/index.php\/iskolarol\/adatok\/","title":{"rendered":"Iskol\u00e1nkr\u00f3l"},"content":{"rendered":"<h1>Iskol\u00e1nkr\u00f3l<\/h1>\n<p>Iskol\u00e1nk az erd\u00e9szeti szakk\u00e9pz\u00e9s egyik legr\u00e9geb-bi int\u00e9zm\u00e9nye, amely 1885. okt\u00f3ber 27-\u00e9n Temesv\u00e1r-Vad\u00e1szerd\u0151n nyitotta meg kapuit, az erd\u0151t \u00e9s term\u00e9szetet szeret\u0151 \u00e9s azt \u00e9lethivat\u00e1s\u00e1nak tekint\u0151 fiatalok el\u0151tt. A trianoni orsz\u00e1gveszt\u00e9s sor\u00e1n Tata majd Esztergom \u00e1llom\u00e1sok ut\u00e1n ker\u00fclt Sopronba.<br \/>\n<img loading=\"lazy\" decoding=\"async\" class=\"alignnone size-medium wp-image-1628\" src=\"http:\/\/localhost\/wp-content\/uploads\/2018\/11\/erdo-300x227.jpg\" alt=\"\" width=\"300\" height=\"227\" \/><br \/>\nAz 1950-t\u0151l kezd\u0151d\u0151 Soproni m\u0171k\u00f6d\u00e9s k\u00fcl\u00f6n\u00f6sen fontos, mert az akkori tantest\u00fclet sz\u00ednvonalas oktat\u00f3-nevel\u0151 munk\u00e1ja emelte az orsz\u00e1gosan elismert int\u00e9zm\u00e9nyek sor\u00e1ba, amelynek \u00e9rt\u00e9keit m\u00e1ig siker\u00fclt meg\u0151rizni.<br \/>\nAz erd\u00e9sztechnikus k\u00e9pz\u00e9s 1980-ban faipari technikus k\u00e9pz\u00e9ssel eg\u00e9sz\u00fclt ki.<br \/>\nT\u00f6rt\u00e9nelmi jelent\u0151s\u00e9g\u0171 v\u00e1ltoz\u00e1s volt \u00e9let\u00fcnkben, amikor az oktat\u00e1si miniszter enged\u00e9ly\u00e9vel 1999. szeptember 1-t\u0151l a Nyugat-magyarorsz\u00e1gi Egyetem gyakorl\u00f3iskol\u00e1ja lett\u00fcnk, amely jelent\u0151s szakmai fejleszt\u00e9st \u00e9s fejl\u0151d\u00e9st is eredm\u00e9nyezett.<br \/>\nEnnek k\u00f6sz\u00f6nhet\u0151en ind\u00edthattuk el a k\u00f6rnyezetv\u00e9delmi technikus \u00e9s a vadgazd\u00e1lkod\u00e1si technikus k\u00e9pz\u00e9s\u00fcnket.<br \/>\n2013 \u00f3ta az erd\u00e9sztechnikus \u00e9s a vadgazd\u00e1lkod\u00e1si technikus szakm\u00e1kat \u00f6sszevontan erd\u00e9szeti \u00e9s vadgazd\u00e1lkod\u00e1si technikusk\u00e9pz\u00e9s keret\u00e9ben oktatjuk.<br \/>\nA szakmai k\u00e9pz\u00e9s mellett kiemelt feladatnak te-kintj\u00fck a tov\u00e1bbtanul\u00e1sra t\u00f6rt\u00e9n\u0151 felk\u00e9sz\u00edt\u00e9st, els\u0151sorban szakmai ir\u00e1nyban, de m\u00e1s ter\u00fcletekre is.<br \/>\nInt\u00e9zm\u00e9ny\u00fcnk kiemelten kezeli a k\u00f6rnyezettudatos szeml\u00e9let kialak\u00edt\u00e1s\u00e1t, e munka elismer\u00e9se-k\u00e9nt 2012-t\u0151l \u00f6r\u00f6k\u00f6s \u00d6koiskolai c\u00edmet visel.<br \/>\nFontos szerep jut int\u00e9zm\u00e9ny\u00fcnkben a nevel\u00e9snek, amely sor\u00e1n el\u0151deink p\u00e9ld\u00e1j\u00e1t k\u00f6vetve a mai viszonyok k\u00f6z\u00f6tt igyeksz\u00fcnk mindent megtenni az\u00e9rt, hogy ne csak szakmailag, hanem emberileg is felk\u00e9sz\u00edts\u00fck tanul\u00f3inkat az \u00e9let kih\u00edv\u00e1saira. Az iskol\u00e1val k\u00f6z\u00f6s igazgat\u00e1s\u00fa koll\u00e9gium ebben a munk\u00e1ban jelent\u0151s szerepet v\u00e1llal. Term\u00e9szetesen minden hozz\u00e1nk jelentkez\u0151 tanul\u00f3 sz\u00e1m\u00e1ra tudunk biztos\u00edtani koll\u00e9giumi elhelyez\u00e9st.<br \/>\n<img loading=\"lazy\" decoding=\"async\" class=\"alignnone size-medium wp-image-1627\" src=\"http:\/\/localhost\/wp-content\/uploads\/2018\/11\/madar-300x255.png\" alt=\"\" width=\"300\" height=\"255\" \/><\/p>\n<h1>Szakk\u00e9pz\u00e9seink<\/h1>\n<h2>Erd\u00e9szeti \u00e9s vadgazd\u00e1lkod\u00e1si technikus<\/h2>\n<p>A k\u00e9pz\u00e9s c\u00e9lja az erd\u0151gazd\u00e1lkod\u00e1si \u00e9s a vadgazd\u00e1lkod\u00e1si munkater\u00fcletekre k\u00f6z\u00e9pszint\u0171 vezet\u0151i munkak\u00f6r\u00f6k bet\u00f6lt\u00e9s\u00e9re alkalmas szakemberek k\u00e9pz\u00e9se. A technikusi oklev\u00e9l \u00f6n\u00e1ll\u00f3 erd\u0151gazd\u00e1lkod\u00e1si v\u00e1llalkoz\u00f3i tev\u00e9kenys\u00e9g folytat\u00e1s\u00e1ra is alkalmass\u00e1 tesz di\u00e1kjainkat.<br \/>\nIskol\u00e1nk saj\u00e1t tanerd\u0151vel rendelkezik.<br \/>\n&nbsp;<\/p>\n<h2>Faipari technikus<\/h2>\n<p>A k\u00e9pz\u00e9s c\u00e9lja els\u0151sorban a f\u0171r\u00e9sz- \u00e9s lemezipari, m\u00e1sodsorban a b\u00fator- \u00e9s \u00e9p\u00fcletasztalosipari \u00fczemeknek k\u00f6z\u00e9pszint\u0171 munkak\u00f6r\u00f6k bet\u00f6lt\u00e9s\u00e9re alkalmas szakembe-rek k\u00e9pz\u00e9se.<br \/>\n\u00d6n\u00e1ll\u00f3 faipari v\u00e1llalkoz\u00f3i tev\u00e9kenys\u00e9g folytat\u00e1s\u00e1ra is k\u00e9pes\u00edt.<br \/>\nIskol\u00e1nk korszer\u0171 tanm\u0171helyben \u00e9s tanf\u0171r\u00e9sz\u00fczemben oktatja a szakm\u00e1t.<br \/>\n&nbsp;<\/p>\n<h2>K\u00f6rnyezetv\u00e9delmi technikus<\/h2>\n<p>A k\u00e9pz\u00e9s c\u00e9lja a term\u00e9szetv\u00e9delem \u00e9s a k\u00f6rnyezetv\u00e9delem szervezetei sz\u00e1m\u00e1ra k\u00f6z\u00e9pszint\u0171 munkak\u00f6r\u00f6k ell\u00e1t\u00e1s\u00e1ra alkalmas szakemberek k\u00e9pz\u00e9se, akik a hat\u00f3s\u00e1gi \u00e9s a gazd\u00e1lkod\u00e1si feladatok ter\u00fclet\u00e9n is alkalmazhat\u00f3k.<br \/>\n&nbsp;<br \/>\n&nbsp;<\/p>\n<h1>Koll\u00e9gium<\/h1>\n<p>Tanul\u00f3ink sz\u00e1m\u00e1ra a koll\u00e9giumi elhelyez\u00e9st biztos\u00edtani tudjuk. Nevel\u00e9si elk\u00e9pzel\u00e9seink a sz\u00fcl\u0151k t\u00falnyom\u00f3 r\u00e9sz\u00e9nek elv\u00e1r\u00e1s\u00e1val tal\u00e1lkozik. H\u00e1zi-rend\u00fcnk biztos\u00edtja, hogy a r\u00e1nk b\u00edzott tanul\u00f3k folyamatos fel\u00fcgyelet mellett, biztons\u00e1gos k\u00f6r\u00fcl-m\u00e9nyek k\u00f6z\u00f6tt \u00e9lhessenek.<\/p>\n<h1>Beiskol\u00e1z\u00e1s<\/h1>\n<p>Jelentkezni az \u00e1ltal\u00e1nos iskol\u00e1n kereszt\u00fcl lehet.<br \/>\nRangsorrendet az \u00e1ltal\u00e1nos iskolai eredm\u00e9nyek alapj\u00e1n k\u00e9sz\u00edt\u00fcnk, amelyet felv\u00e9teli elbesz\u00e9lget\u00e9s eg\u00e9sz\u00edt ki.<\/p>\n<h2>Felvehet\u0151 l\u00e9tsz\u00e1mok<\/h2>\n<ul>\n<li>Agr\u00e1r szakter\u00fclet (erd\u00e9sz, vad\u00e1sz):\u00a0<strong>68 f\u0151<\/strong><\/li>\n<li>M\u0171szaki szakter\u00fclet\n<ul>\n<li>faipari szakmacsoport:\u00a0<strong>17 f\u0151<\/strong><\/li>\n<li>k\u00f6rnyezetv\u00e9delem:\u00a0<strong>18 f\u0151<\/strong><\/li>\n<\/ul>\n<\/li>\n<\/ul>\n<h1>Sport \u00e9s szabadid\u0151<\/h1>\n<p>Sok sportol\u00e1si lehet\u0151s\u00e9g k\u00f6z\u00fcl lehet v\u00e1lasztani, sz\u00e1mos sportverseny szervez\u00e9s\u00e9re ker\u00fcl sor tan\u00e9v sor\u00e1n.<br \/>\nFafarag\u00f3 szakk\u00f6r, rajzk\u00f6r, szakmai szakk\u00f6r\u00f6k, t\u00e1nc \u00e9s \u00e9nekkar m\u0171k\u00f6dnek \u00e9vek \u00f3ta. K\u00f6nyvt\u00e1-runk k\u00f6zel h\u00faszezer k\u00f6tettel v\u00e1rja di\u00e1kjainkat. Sz\u00e1m\u00edt\u00f3g\u00e9ptermeinkben ECDL vizsgak\u00f6zpont m\u0171k\u00f6dik.<br \/>\nTerm\u00e9szetj\u00e1r\u00f3 kir\u00e1ndul\u00e1sok, sz\u00ednh\u00e1zak, m\u00fazeu-mok l\u00e1togat\u00e1sa, szakmai tanulm\u00e1nyutak s\u00edt\u00e1borok szervez\u0151dnek \u00e9s tov\u00e1bbi szabadid\u0151s programok teszik v\u00e1ltozatoss\u00e1 az iskola falai k\u00f6z\u00f6tt elt\u00f6lt\u00f6tt id\u0151t.<\/p>\n","protected":false},"excerpt":{"rendered":"<p>Iskol\u00e1nkr\u00f3l Iskol\u00e1nk az erd\u00e9szeti szakk\u00e9pz\u00e9s egyik legr\u00e9geb-bi int\u00e9zm\u00e9nye, amely 1885. okt\u00f3ber 27-\u00e9n Temesv\u00e1r-Vad\u00e1szerd\u0151n nyitotta meg kapuit, az erd\u0151t \u00e9s term\u00e9szetet szeret\u0151 \u00e9s azt \u00e9lethivat\u00e1s\u00e1nak tekint\u0151 fiatalok el\u0151tt. A trianoni orsz\u00e1gveszt\u00e9s sor\u00e1n Tata majd Esztergom \u00e1llom\u00e1sok ut\u00e1n ker\u00fclt Sopronba. Az 1950-t\u0151l kezd\u0151d\u0151 Soproni m\u0171k\u00f6d\u00e9s k\u00fcl\u00f6n\u00f6sen fontos, mert az akkori tantest\u00fclet sz\u00ednvonalas<span class=\"more-link\"><a href=\"https:\/\/new.rothszki.hu\/index.php\/iskolarol\/adatok\/\">Tov\u00e1bb&#8230;<\/a><\/span><\/p>\n","protected":false},"author":2,"featured_media":0,"parent":1842,"menu_order":0,"comment_status":"closed","ping_status":"closed","template":"","meta":{"_monsterinsights_skip_tracking":false,"_monsterinsights_sitenote_active":false,"_monsterinsights_sitenote_note":"","_monsterinsights_sitenote_category":0,"footnotes":""},"class_list":["entry","author-wordpress","post-1423","page","type-page","status-publish"],"_links":{"self":[{"href":"https:\/\/new.rothszki.hu\/index.php\/wp-json\/wp\/v2\/pages\/1423","targetHints":{"allow":["GET"]}}],"collection":[{"href":"https:\/\/new.rothszki.hu\/index.php\/wp-json\/wp\/v2\/pages"}],"about":[{"href":"https:\/\/new.rothszki.hu\/index.php\/wp-json\/wp\/v2\/types\/page"}],"author":[{"embeddable":true,"href":"https:\/\/new.rothszki.hu\/index.php\/wp-json\/wp\/v2\/users\/2"}],"replies":[{"embeddable":true,"href":"https:\/\/new.rothszki.hu\/index.php\/wp-json\/wp\/v2\/comments?post=1423"}],"version-history":[{"count":2,"href":"https:\/\/new.rothszki.hu\/index.php\/wp-json\/wp\/v2\/pages\/1423\/revisions"}],"predecessor-version":[{"id":11761,"href":"https:\/\/new.rothszki.hu\/index.php\/wp-json\/wp\/v2\/pages\/1423\/revisions\/11761"}],"up":[{"embeddable":true,"href":"https:\/\/new.rothszki.hu\/index.php\/wp-json\/wp\/v2\/pages\/1842"}],"wp:attachment":[{"href":"https:\/\/new.rothszki.hu\/index.php\/wp-json\/wp\/v2\/media?parent=1423"}],"curies":[{"name":"wp","href":"https:\/\/api.w.org\/{rel}","templated":true}]}}