{"id":2967,"date":"2019-01-11T07:20:39","date_gmt":"2019-01-11T07:20:39","guid":{"rendered":"https:\/\/new.rothszki.hu\/?page_id=2967"},"modified":"2019-01-11T07:20:41","modified_gmt":"2019-01-11T07:20:41","slug":"tanmuhely","status":"publish","type":"page","link":"https:\/\/new.rothszki.hu\/index.php\/tanmuhely\/","title":{"rendered":"Tanm\u0171hely"},"content":{"rendered":"\n<h2 class=\"wp-block-heading\">Az iskol\u00e1nk tanm\u0171hely\u00e9nek munk\u00e1j\u00e1r\u00f3l<\/h2>\n\n\n\n<p>Iskol\u00e1nk tanm\u0171helye a Kossuth Lajos utca 7. sz\u00e1m alatt egy h\u00e1romszintes lak\u00f3h\u00e1z m\u00f6g\u00f6tti udvarban tal\u00e1lhat\u00f3, mint \u00f6n\u00e1ll\u00f3 k\u00e9tszintes \u00e9p\u00fclet. 1954-t\u0151l veszi birtokba az iskola, emelet\u00e9t n\u00e9h\u00e1ny \u00e9vig, mint koll\u00e9gium, f\u00f6ldszintj\u00e9n m\u00e1r ekkort\u00f3l tanm\u0171hely.<\/p>\n\n\n\n<p>Feladata, hogy a faipari gyakorlati oktat\u00e1s egyik fontos alapb\u00e1zisa legyen, de jelent\u0151s szerepet t\u00f6lt be az iskolai \u00e9s koll\u00e9giumi fel\u00faj\u00edt\u00e1si, karbantart\u00e1si; b\u00fator- \u00e9s \u00e9p\u00fclet asztalosipari munk\u00e1kban.<\/p>\n\n\n\n<p>Az els\u0151 id\u0151szakban n\u00e9h\u00e1ny alapg\u00e9p, \u00edgy 900-as asztalos szalagf\u0171r\u00e9szg\u00e9p, asztali k\u00f6rf\u0171r\u00e9szg\u00e9p, egyenget\u0151- \u00e9s vastags\u00e1gi gyalug\u00e9p, t\u00e1rcs\u00e1s csiszol\u00f3g\u00e9p lett be\u00e1ll\u00edtva a f\u00f6ldszinti nagy terembe.<\/p>\n\n\n\n<p>Az erd\u00e9szeti tant\u00e1rgyi gyakorlatokban a tanm\u0171hely csak kieg\u00e9sz\u00edt\u0151 szerepet t\u00f6lt\u00f6tt be; els\u0151sorban a szersz\u00e1mnyelek, \u00edgy irt\u00f3kapa, sarl\u00f3, fejszenyelek stb. k\u00e9sz\u00edt\u00e9se, valamint az erd\u00e9szeti szersz\u00e1mok karbantart\u00e1sa ter\u00e9n. Ugyanakkor a g\u00e9p\u00e9szeti alapgyakorlatok \u2013 mint f\u00e9mreszel\u00e9s, szegecsel\u00e9s, forraszt\u00e1s, hegeszt\u00e9s, stb.- \u00e9s tov\u00e1bbi g\u00e9ptani gyakorlatok sz\u00edntere, mint a motorf\u0171r\u00e9sz szerel\u00e9s, f\u0171r\u00e9szl\u00e1nc \u00e9lez\u00e9s, k\u00e9t\u00fctem\u0171 \u00e9s n\u00e9gy\u00fctem\u0171 Ott\u00f3 \u00e9s diesel motorok szerkezet\u00e9nek megismer\u00e9se.<\/p>\n\n\n\n<p>Az igaz\u00e1n nagyobb fejleszt\u00e9s a faipari k\u00e9pz\u00e9s megindul\u00e1s\u00e1val 1982-1983-ban val\u00f3sult meg.<\/p>\n\n\n\n<p>\u00c1tszerel\u00e9sre \u00e9s b\u0151v\u00edt\u00e9sre ker\u00fclt az elektromos h\u00e1l\u00f3zat, \u00faj vil\u00e1g\u00edt\u00e1st kapott. Korszer\u0171s\u00edtett\u00e9k a szoci\u00e1lis helys\u00e9geket, melegvizes mosd\u00f3k, zuhanyz\u00f3k l\u00e9tes\u00fcltek.<\/p>\n\n\n\n<p>Tov\u00e1bbi g\u00e9pek, \u00edgy 400-as szalagf\u0171r\u00e9szg\u00e9p, leszab\u00f3 k\u00f6rf\u0171r\u00e9szg\u00e9p, asztalos mar\u00f3g\u00e9p, szalag csiszol\u00f3g\u00e9p, l\u00e1ncmar\u00f3g\u00e9p, fa esztergag\u00e9p, EMCO-sztar sokm\u0171veletes bark\u00e1csg\u00e9p, mechanikus pr\u00e9segys\u00e9gek \u00e9s egyedi elsz\u00edv\u00f3k ker\u00fcltek be\u00e1ll\u00edt\u00e1sra \u00e9s be\u00fczemel\u00e9sre. Az emeleten, a satupadokon k\u00edv\u00fcl 10db gyalupad nyert elhelyez\u00e9st \u00e9s jelent\u0151sen b\u0151v\u00fclt a k\u00e9zi szersz\u00e1mk\u00e9szlet is.<\/p>\n\n\n\n<p>Egy \u00fajabb fejleszt\u00e9s t\u00f6rt\u00e9nt 1993-ban. Sz\u00e1nth\u00f3 Gyula tervei alapj\u00e1n \u2013 aki a GYESEV soproni \u00e1llom\u00e1s\u00e9p\u00fcleteit is tervezte \u2013 a h\u00e1ts\u00f3 l\u00e9pcs\u0151h\u00e1z lebont\u00e1sra ker\u00fclt \u00e9s mintegy 70m2-es alapter\u00fclet\u0171 toldal\u00e9ksz\u00e1rnyat kapott az \u00e9p\u00fclet. Egy\u00fattal a rossz csapad\u00e9kv\u00edz elvezet\u00e9s miatti egyik f\u0151fal s\u00fcllyed\u00e9s tov\u00e1bbi megg\u00e1tl\u00e1s\u00e1ra alapstabiliz\u00e1l\u00e1st v\u00e9geztek.<\/p>\n\n\n\n<p>1994-ben az \u00faj sz\u00e1rny f\u00f6ldszinti g\u00e9pm\u0171hely\u00e9be egy n\u00e9gyfejes gyalug\u00e9pet \u00e1ll\u00edtottunk be, keresztmetszeti megmunk\u00e1l\u00e1sokra. A g\u00e9pet szigetv\u00e1rr\u00f3l a SZIGETFA kft adta iskol\u00e1nknak.<\/p>\n\n\n\n<p>A soproni szoci\u00e1lis foglalkoztat\u00f3 megsz\u0171n\u0151 asztalos m\u0171hely\u00e9t\u0151l megvett\u00fcnk egy kombin\u00e1lt egyenget\u0151 \u2013 vastagol\u00f3 gyalug\u00e9pet.<\/p>\n\n\n\n<p>1995-ben p\u00e1ly\u00e1zaton nyert p\u00e9nzb\u0151l Centuri\u00f3 900-as olasz gy\u00e1rtm\u00e1ny\u00fa has\u00edt\u00f3 szalagf\u0171r\u00e9szg\u00e9pet \u00fczemelt\u00fcnk be, ugyancsak az \u00faj f\u00f6ldszinti sz\u00e1rny g\u00e9pm\u0171hely\u00e9be.<\/p>\n\n\n\n<p>Az emeleti fels\u0151 \u00faj sz\u00e1rnyba hosszlyukf\u00far\u00f3t v\u00e1s\u00e1roltunk a k\u0151szegi CSIBA kft-t\u0151l. Itt helyezt\u00fck el a r\u00e9szben h\u00e1zilag k\u00e9sz\u00fclt fa esztergag\u00e9pet is.<\/p>\n\n\n\n<p>Sajnos a n\u00e9gyfejes gyalug\u00e9p \u00fczemeltet\u00e9s\u00e9re er\u0151s zajkelt\u00e9ssel j\u00e1rt, ez\u00e9rt a Kossuth L. u. 7. lak\u00f3i t\u00f6bbsz\u00f6r kifog\u00e1ssal \u00e9ltek, \u00edgy a g\u00e9p 1997-ben elad\u00e1sra ker\u00fclt. Tov\u00e1bbi elad\u00e1s t\u00e1rgya lett a r\u00e9gi vastags\u00e1gi gyalug\u00e9p \u00e9s az EMCO-sztar kombin\u00e1lt g\u00e9p is.<\/p>\n\n\n\n<p>1996-ban egy g\u00e9rv\u00e1g\u00f3 k\u00f6rf\u0171r\u00e9szg\u00e9pet \u00e9s egy HECO egyedi porelsz\u00edv\u00f3t; 1997-ben SIKAR t\u00edpus\u00fa vastags\u00e1gi gyalug\u00e9pet \u00e9s 1998-ban ROYEK cseh gy\u00e1rtm\u00e1ny\u00fa lapszab\u00e1sz k\u00f6rf\u0171r\u00e9szg\u00e9pet v\u00e1s\u00e1roltunk a CSIBA kft-t\u0151l.<\/p>\n\n\n\n<p>A n\u00e9gy\u00e9ves els\u0151dleges faipari, f\u0171r\u00e9sz-lemezipari nappali szakk\u00e9pz\u00e9s sor\u00e1n 1980-t\u00f3l 1992 ill. 1995-ig (kifut\u00f3 rendszerben) a tant\u00e1rgyi gyakorlatok mintegy 20-30%-a volt tanm\u0171helyi gyakorlat. Ezek sor\u00e1n els\u0151 oszt\u00e1lyban a fa k\u00e9zi szersz\u00e1mokkal t\u00f6rt\u00e9n\u0151 megmunk\u00e1l\u00e1s\u00e1t, fak\u00f6t\u00e9sek k\u00e9sz\u00edt\u00e9s\u00e9t; m\u00e1sodik oszt\u00e1lyban a fa g\u00e9pi megmunk\u00e1l\u00e1s\u00e1t, szint\u00e9n fak\u00f6t\u00e9sek k\u00e9sz\u00edt\u00e9s\u00e9t gyakorolt\u00e1k a tanul\u00f3k. Harmadik oszt\u00e1lyban \u00f6n\u00e1ll\u00f3an \u00fcl\u0151k\u00e9ket; tov\u00e1bb\u00e1 a harmadik \u00e9s negyedik oszt\u00e1lyokban egy\u00e9b t\u00e1rgyakat, \u00edgy p\u00e9ld\u00e1ul dobozokat, rajzt\u00e1bl\u00e1kat, szersz\u00e1mnyeleket, nagy mennyis\u00e9g\u0171 faburkolatot kapcsolt ger\u00e9btokos ablakokat stb. k\u00e9sz\u00edtettek! T\u00f6bbsz\u00f6ri pr\u00f3b\u00e1lkoz\u00e1s t\u00f6rt\u00e9nt faipari term\u00e9kek elad\u00e1sra t\u00f6rt\u00e9n\u0151 gy\u00e1rt\u00e1s\u00e1ra. Nagyobb mennyis\u00e9g\u0171 40\u00d760-as kapcsolt ger\u00e9btokos ablak T\u0170Z\u00c9P-en t\u00f6rt\u00e9n\u0151 \u00e9rt\u00e9kes\u00edt\u00e9s\u00e9n k\u00edv\u00fcl \u2013 els\u0151sorban iskolafinansz\u00edroz\u00e1si okok miatt \u2013 m\u00e1sra nemigen ker\u00fclt sor.<\/p>\n\n\n\n<p>Az \u00f6t\u00e9ves nappali faipari technikusi k\u00e9pz\u00e9s beind\u00edt\u00e1s\u00e1val, 1992-t\u0151l \u2013felmen\u0151 rendszerben- a tant\u00e1rgyi gyakorlatok mintegy 55%-a lett tanm\u0171helyi gyakorlat. Els\u0151 oszt\u00e1lyban itt is feladat a fa k\u00e9zi megmunk\u00e1l\u00e1sa, fak\u00f6t\u00e9sek k\u00e9sz\u00edt\u00e9se, m\u00e1sodik oszt\u00e1lyban a g\u00e9pi famegmunk\u00e1l\u00e1s, egy\u00e9nenk\u00e9nt \u00fcl\u0151ke k\u00e9sz\u00edt\u00e9se; harmadik \u00e9ven egy\u00e9nenk\u00e9nt szekr\u00e9nyke \u00e9s asztal; negyedik oszt\u00e1lyban \u00e1gy, \u00e1gynem\u0171tart\u00f3; \u00f6t\u00f6dik oszt\u00e1lyban ablak, vizsgamunka k\u00e9sz\u00edt\u00e9se. E term\u00e9keket a tanul\u00f3k az alapanyag\u00e1r befizet\u00e9se ut\u00e1n elvihett\u00e9k, vagy koll\u00e9giumi haszn\u00e1lati t\u00e1rgyak lettek! \u00cdgy sok tanul\u00f3 koll\u00e9giumi saj\u00e1t asztal\u00e1t, \u00e9jjeli szekr\u00e9ny\u00e9t, \u00e1gy\u00e1t, \u00e1gynem\u0171tart\u00f3j\u00e1t k\u00e9sz\u00edtette el. A tanul\u00f3k \u00e1ltal gy\u00e1rtott ablakok pedig a koll\u00e9giumi fel\u00faj\u00edt\u00e1shoz biztos\u00edtott\u00e1k \u00e9s biztos\u00edtj\u00e1k az ablakcsere lehet\u0151s\u00e9g\u00e9t.<\/p>\n\n\n\n<p>A 2001\/2002. tan\u00e9vvel jelent\u0151s v\u00e1ltoz\u00e1s k\u00f6vetkezett be a szakk\u00e9pz\u00e9sben \u00e9s term\u00e9szetesen a gyakorlati k\u00e9pz\u00e9sben is.<\/p>\n\n\n\n<p>A hat \u00e9ves k\u00e9pz\u00e9s beindul\u00e1s\u00e1val egy\u00fctt jelent\u0151s fejleszt\u00e9sek zajlottak a tanm\u0171helyben, az elm\u00falt \u00e9vekben. Szinte a teljes g\u00e9ppark lecser\u00e9l\u00e9sre ker\u00fclt, \u00e9s 25 milli\u00f3 forint \u00e9rt\u00e9kben a legkorszer\u0171bb f\u0171r\u00e9szg\u00e9peket \u00e9p\u00edtett\u00fck be.<\/p>\n\n\n\n<p>Felder gy\u00e1rtm\u00e1ny\u00fa szalagf\u0171r\u00e9szg\u00e9p, lapszab\u00e1sz k\u00f6rf\u0171r\u00e9szg\u00e9p, egyenget\u0151 gyalug\u00e9p, szalagcsiszol\u00f3-g\u00e9p, egyedi elsz\u00edv\u00f3 rendszerek, a Hamner c\u00e9g \u00e1ltal gy\u00e1rtott asztalos mar\u00f3g\u00e9p, Griggio leszab\u00f3 k\u00f6rf\u0171r\u00e9szg\u00e9p, Houszek Buldog kontaktcsiszol\u00f3-g\u00e9p, Royek faeszterga biztos\u00edtja a sz\u00ednvonalas gyakorlati oktat\u00e1st.<\/p>\n\n\n\n<p>Ebben az id\u0151szakban kapott a tanm\u0171hely 12 db \u00faj gyalupadot, szersz\u00e1mokkal felt\u00f6lt\u00f6tt 15 db szersz\u00e1mos szekr\u00e9nyt, valamint a Blum c\u00e9g p\u00e1nthelymar\u00f3j\u00e1t. Ki\u00e9p\u00edt\u00e9sre ker\u00fclt egy pneumatikus rendszer mindk\u00e9t szinten, amely lehet\u0151v\u00e9 teszi, leveg\u0151s m\u0171k\u00f6dtet\u00e9s\u0171 kisg\u00e9pek alkalmaz\u00e1s\u00e1t.<\/p>\n\n\n\n<p>A 13. \u00e9vfolyamon, minden tanul\u00f3 feny\u0151 f\u0171r\u00e9sz\u00e1r\u00fab\u00f3l, g\u00e9pi megmunk\u00e1l\u00e1ssal \u2013 az elk\u00e9sz\u00edtett rajz alapj\u00e1n \u2013 kisszekr\u00e9nyt k\u00e9sz\u00edt. A 14. \u00e9vfolyamon, tanm\u0171helyi gyakorlat keret\u00e9ben a koll\u00e9giumi ig\u00e9nyeket figyelembev\u00e9ve ablak \u00e9s k\u00e1v\u00e1s asztal k\u00e9sz\u00fcl.<\/p>\n\n\n\n<p>Az \u00f6sszes gyakorlat 50 %-a a tanm\u0171helyben zajlik. A 9. \u00e9s a 10. \u00e9vfolyam orient\u00e1ci\u00f3s gyakorlatai ut\u00e1n a tanul\u00f3k el\u0151sz\u00f6r a 11. \u00e9vfolyamon tal\u00e1lkoznak tanm\u0171helyi gyakorlattal. Az alapoz\u00f3 tanm\u0171helyi gyakorlaton el\u0151sz\u00f6r a k\u00e9zi f\u0171r\u00e9szek, majd a gyaluk, v\u00e9s\u0151k, f\u00far\u00f3k haszn\u00e1lat\u00e1t \u00e9s karbantart\u00e1s\u00e1t tanulj\u00e1k meg. Ezut\u00e1n keret- \u00e9s k\u00e9vek\u00f6t\u00e9sek k\u00e9sz\u00edt\u00e9s\u00e9t gyakorolj\u00e1k (T-k\u00f6t\u00e9s, oll\u00f3s csap, kett\u0151s oll\u00f3s csap, egyenes fogaz\u00e1s, fecskefark\u00fa fogaz\u00e1s). A 12. \u00e9vfolyamon megismerik a faeszterg\u00e1l\u00e1s szersz\u00e1mait, az esztergag\u00e9pet, az alapm\u0171veleteket. Gyakorolj\u00e1k a szalagf\u0171r\u00e9szg\u00e9p, k\u00f6rf\u0171r\u00e9szg\u00e9p, egyenget\u0151 gyalug\u00e9p, vastagol\u00f3 gyalug\u00e9p, asztalos mar\u00f3g\u00e9p, csiszol\u00f3g\u00e9p be\u00e1ll\u00edt\u00e1si m\u0171velet\u00e9t. Ezut\u00e1n minden tanul\u00f3 az elk\u00e9sz\u00edtett rajz alapj\u00e1n konyhai \u00fcl\u0151k\u00e9t k\u00e9sz\u00edt.<\/p>\n\n\n\n<p>A tanm\u0171hely tov\u00e1bbi munk\u00e1j\u00e1val folyamatosan r\u00e9szt vesz az iskola \u00e9s koll\u00e9gium aktu\u00e1lis karbantart\u00e1si, fel\u00faj\u00edt\u00e1si munk\u00e1iban. \u00cdgy a tantermek faburkolatainak, t\u00e1bl\u00e1inak, katedr\u00e1inak elk\u00e9sz\u00edt\u00e9s\u00e9ben, tornatermi eszk\u00f6z\u00f6k jav\u00edt\u00e1s\u00e1n, fel\u00faj\u00edt\u00e1s\u00e1n, koll\u00e9giumi szekr\u00e9nyek, fali polcok k\u00e9sz\u00edt\u00e9s\u00e9ben; sz\u00e9kek, asztalok, ajt\u00f3k, ablakok stb. jav\u00edt\u00e1s\u00e1ban. A megrendelt munk\u00e1kr\u00f3l a tanm\u0171hely vezet\u0151je folyamatosan nyilv\u00e1ntart\u00e1st vezet, a sz\u00fcks\u00e9ges m\u0171szaki \u00e9s id\u0151ponti adatokkal egy\u00fctt. C\u00e9l az ig\u00e9nyek, megrendel\u00e9sek miel\u0151bbi, n\u00e9ha fontoss\u00e1gi szerinti teljes\u00edt\u00e9se.<\/p>\n\n\n\n<p>Az 13. \u00e9s 14. oszt\u00e1ly tanm\u0171helyi naposi szolg\u00e1lat\u00e1nak feladata szint\u00e9n az aktu\u00e1lis iskolai vagy koll\u00e9giumi munk\u00e1kban val\u00f3 tev\u00e9keny r\u00e9szv\u00e9tel, vagy a vizsgamunka k\u00e9sz\u00edt\u00e9se.<\/p>\n\n\n\n<p>A tanm\u0171helyi gyakorlatok eredm\u00e9nyess\u00e9g\u00e9t a tanm\u0171hely vezet\u0151j\u00e9n k\u00edv\u00fcl, k\u00e9t asztalos szakmunk\u00e1s seg\u00edti.<\/p>\n\n\n\n<p>D\u00e9lut\u00e1nonk\u00e9nt a fafarag\u00f3 szakk\u00f6r kezd\u0151 \u00e9s halad\u00f3 csoportjai felv\u00e1ltva dolgoznak munkadarabjaikon, valamint faeszterg\u00e1lyos, b\u00fatork\u00e9sz\u00edt\u0151 \u00e9s intarziak\u00e9sz\u00edt\u0151 csoport is m\u0171k\u00f6dik.<\/p>\n\n\n\n<p>A gyakorl\u00f3 iskolai st\u00e1tusz r\u00e9v\u00e9n, a nagysz\u00e1m\u00fa faipari m\u0171szaki szakoktat\u00f3 gyakorlati hospit\u00e1l\u00e1s\u00e1val, l\u00e1togat\u00e1s\u00e1val \u00e9s a gyakorlatok egy r\u00e9sz\u00e9nek \u00e1ltaluk tart\u00e1s\u00e1val kapcsolatban, \u00fajabb feladatok mer\u00fclnek fel a tanm\u0171helyben.<\/p>\n\n\n\n<p>Kedd d\u00e9lut\u00e1nonk\u00e9nt el\u0151zetes enged\u00e9ly \u00e9s id\u0151pont egyeztet\u00e9s ut\u00e1n az iskola dolgoz\u00f3inak is lehet\u0151s\u00e9ge van a tanm\u0171helyi adotts\u00e1gokat ig\u00e9nybe venni.<\/p>\n\n\n\n<p>A gyakorlati oktat\u00e1s felt\u00e9telei az ut\u00f3bbi \u00f6t \u00e9vben nagyon sokat javultak, a ter\u00fcleti adotts\u00e1gok viszont tov\u00e1bbi b\u0151v\u00edt\u00e9st m\u00e1r nem tesznek lehet\u0151v\u00e9.<\/p>\n\n\n\n<p>T\u00e1vlati terveink k\u00f6z\u00f6tt szerepel, egy alkalmas ter\u00fcleten be\u00e9p\u00edtett r\u00f6nkfeldolgoz\u00f3 alapg\u00e9p a hozz\u00e1 tartoz\u00f3 anyagmozgat\u00f3 berendez\u00e9sekkel, furn\u00e9r el\u0151k\u00e9sz\u00edt\u0151 \u00e9s feldolgoz\u00f3 m\u0171hely, szersz\u00e1mg\u00e9p karbantart\u00f3 m\u0171hely l\u00e9trehoz\u00e1sa.<\/p>\n","protected":false},"excerpt":{"rendered":"<p>Az iskol\u00e1nk tanm\u0171hely\u00e9nek munk\u00e1j\u00e1r\u00f3l Iskol\u00e1nk tanm\u0171helye a Kossuth Lajos utca 7. sz\u00e1m alatt egy h\u00e1romszintes lak\u00f3h\u00e1z m\u00f6g\u00f6tti udvarban tal\u00e1lhat\u00f3, mint \u00f6n\u00e1ll\u00f3 k\u00e9tszintes \u00e9p\u00fclet. 1954-t\u0151l veszi birtokba az iskola, emelet\u00e9t n\u00e9h\u00e1ny \u00e9vig, mint koll\u00e9gium, f\u00f6ldszintj\u00e9n m\u00e1r ekkort\u00f3l tanm\u0171hely. Feladata, hogy a faipari gyakorlati oktat\u00e1s egyik fontos alapb\u00e1zisa legyen, de jelent\u0151s szerepet<span class=\"more-link\"><a href=\"https:\/\/new.rothszki.hu\/index.php\/tanmuhely\/\">Tov\u00e1bb&#8230;<\/a><\/span><\/p>\n","protected":false},"author":1,"featured_media":0,"parent":0,"menu_order":0,"comment_status":"closed","ping_status":"closed","template":"","meta":{"_monsterinsights_skip_tracking":false,"_monsterinsights_sitenote_active":false,"_monsterinsights_sitenote_note":"","_monsterinsights_sitenote_category":0,"footnotes":""},"class_list":["entry","author-csendes-belarothszki-hu","post-2967","page","type-page","status-publish"],"_links":{"self":[{"href":"https:\/\/new.rothszki.hu\/index.php\/wp-json\/wp\/v2\/pages\/2967","targetHints":{"allow":["GET"]}}],"collection":[{"href":"https:\/\/new.rothszki.hu\/index.php\/wp-json\/wp\/v2\/pages"}],"about":[{"href":"https:\/\/new.rothszki.hu\/index.php\/wp-json\/wp\/v2\/types\/page"}],"author":[{"embeddable":true,"href":"https:\/\/new.rothszki.hu\/index.php\/wp-json\/wp\/v2\/users\/1"}],"replies":[{"embeddable":true,"href":"https:\/\/new.rothszki.hu\/index.php\/wp-json\/wp\/v2\/comments?post=2967"}],"version-history":[{"count":1,"href":"https:\/\/new.rothszki.hu\/index.php\/wp-json\/wp\/v2\/pages\/2967\/revisions"}],"predecessor-version":[{"id":2968,"href":"https:\/\/new.rothszki.hu\/index.php\/wp-json\/wp\/v2\/pages\/2967\/revisions\/2968"}],"wp:attachment":[{"href":"https:\/\/new.rothszki.hu\/index.php\/wp-json\/wp\/v2\/media?parent=2967"}],"curies":[{"name":"wp","href":"https:\/\/api.w.org\/{rel}","templated":true}]}}