{"id":2976,"date":"2019-01-22T19:36:09","date_gmt":"2019-01-22T19:36:09","guid":{"rendered":"https:\/\/new.rothszki.hu\/?page_id=2976"},"modified":"2022-03-24T12:51:54","modified_gmt":"2022-03-24T12:51:54","slug":"szep-erdeszkollegium-alapitvany","status":"publish","type":"page","link":"https:\/\/new.rothszki.hu\/index.php\/szep-erdeszkollegium-alapitvany\/","title":{"rendered":"Sz\u00e9p Erd\u00e9szkoll\u00e9gium Alap\u00edtv\u00e1ny"},"content":{"rendered":"\n<h1 class=\"wp-block-heading\">Az alap\u00edtv\u00e1nyunk c\u00e9lja<\/h1>\n\n\n\n<p>Sz\u00e9p Erd\u00e9szkoll\u00e9gium Alap\u00edtv\u00e1ny<\/p>\n\n\n\n<p>A Roth Gyula Erd\u00e9szeti \u00e9s Faipari Szakk\u00f6z\u00e9piskola volt di\u00e1kjai k\u00f6zrem\u0171k\u00f6d\u00e9s\u00e9vel j\u00f6tt l\u00e9tre a Sz\u00e9p Erd\u00e9szkoll\u00e9gium Alap\u00edtv\u00e1ny 1994-ben. C\u00e9ljuk a koll\u00e9giumi k\u00f6r\u00fclm\u00e9nyek jav\u00edt\u00e1sa, az otthonos k\u00f6rnyezet kialak\u00edt\u00e1sa \u00e9s a folyamatos fejleszt\u00e9s, fel\u00faj\u00edt\u00e1s.<\/p>\n\n\n\n<p>Az alap\u00edtv\u00e1nyt a kurat\u00f3rium m\u0171k\u00f6dteti, akik az alap\u00edt\u00f3k sz\u00e1nd\u00e9k\u00e1nak megfelel\u0151en tev\u00e9kenykednek, a p\u00e9nz felhaszn\u00e1l\u00e1s\u00e1r\u00f3l d\u00f6ntenek \u00e9s besz\u00e1mol\u00f3t tartanak az alap\u00edt\u00f3k fel\u00e9.<\/p>\n\n\n\n<p>A 2003. el\u0151tti \u00e9vekben nagy beruh\u00e1z\u00e1sokat nem tudtunk megval\u00f3s\u00edtani, \u00edgy ink\u00e1bb a koll\u00e9giumi fel\u00faj\u00edt\u00e1si munk\u00e1k t\u00e1mogat\u00e1sa volt a c\u00e9l. Minden m\u00e1sodik \u00e9vben n\u00e9h\u00e1ny sz\u00e1z-ezer forinttal seg\u00edtett\u00fck azokat.<\/p>\n\n\n\n<p>2001 \u00e9vben megkapta az alap\u00edtv\u00e1ny a k\u00f6zhaszn\u00fas\u00e1gi fokozatot. Mindez a t\u00e1mogat\u00e1sok fokozott emelked\u00e9s\u00e9hez nagym\u00e9rt\u00e9kben hozz\u00e1j\u00e1rult.<\/p>\n\n\n\n<p>Mivel 2006 \u00e9vben az \u00c1FA m\u00f3dos\u00edt\u00e1s\u00e1t k\u00e9rt\u00fck, \u00edgy a 2007 \u00e9vben az \u00c1FA \u00f6sszeg\u00e9t vissza tudtuk ig\u00e9nyelni, \u00e9s vissza tudtuk forgatni beszerz\u00e9sre!<\/p>\n\n\n\n<h1 class=\"wp-block-heading\">Adom\u00e1nyoz\u00e1s m\u00f3dja<\/h1>\n\n\n\n<p>Alap\u00edtv\u00e1nyunkat k\u00f6zvetlen\u00fcl is t\u00e1mogathatja a 11996004-02206013-00000000 sz\u00e1mlasz\u00e1mra t\u00f6rt\u00e9n\u0151 befizet\u00e9ssel.<\/p>\n\n\n\n<h1 class=\"wp-block-heading\">Az 1 %-os befizet\u00e9sek<\/h1>\n\n\n\n<p>Alap\u00edtv\u00e1nyunk egyik legfontosabb bev\u00e9teli forr\u00e1sa az ad\u00f3 1 %-\u00e1nak befizet\u00e9se. N\u00e9h\u00e1ny \u00e9ve jelenlegi di\u00e1kjaink sz\u00fcleit \u00e9s volt di\u00e1kjainkat egy lev\u00e9lben k\u00e9rj\u00fck arra, hogy befizet\u00e9seikkel t\u00e1mogass\u00e1k az alap\u00edtv\u00e1nyunkat. Ennek a lev\u00e9lnek k\u00f6sz\u00f6nhet\u0151en \u00f6rvendetesen megszaporodott a t\u00e1mogat\u00e1sok sz\u00e1ma \u00e9s \u00e9rt\u00e9ke. Ez\u00faton szeretn\u00e9nk megk\u00f6sz\u00f6nni mindazoknak, akik ilyen m\u00f3don t\u00e1mogatt\u00e1k iskol\u00e1nk koll\u00e9gium\u00e1ban \u00e9l\u0151 di\u00e1kjaink \u00e9letk\u00f6r\u00fclm\u00e9nyeinek jav\u00edt\u00e1s\u00e1t.<\/p>\n\n\n\n<p>V\u00e9g\u00fcl, \u00e1lljon itt az eddigi befizet\u00e9sekr\u0151l sz\u00f3l\u00f3 t\u00e1bl\u00e1zat (rem\u00e9lj\u00fck, az \u00d6n adom\u00e1nya is szerepel a t\u00e1bl\u00e1zatban)<\/p>\n\n\n\n<h2 class=\"wp-block-heading\">Let\u00f6lthet\u0151 1%-os nyilatkozat<\/h2>\n\n\n\n<figure class=\"wp-block-image\"><a href=\"https:\/\/new.rothszki.hu\/wp-content\/uploads\/2022\/03\/Ado-egy-szazaleka-2022_Szep-erdeszkolesz.pdf\" target=\"_blank\" rel=\"noreferrer noopener\"><img loading=\"lazy\" decoding=\"async\" width=\"128\" height=\"128\" src=\"https:\/\/new.rothszki.hu\/wp-content\/uploads\/2018\/12\/pdf.png\" alt=\"\" class=\"wp-image-2141\"\/><\/a><\/figure>\n\n\n\n<h1 class=\"wp-block-heading\">N\u00e9h\u00e1ny k\u00e9p a fel\u00faj\u00edtott koll\u00e9giumi r\u00e9szekr\u0151l<\/h1>\n\n\n\n<p>Az eddigi t\u00e1mogat\u00e1sb\u00f3l fel\u00faj\u00edtott koll\u00e9giumi folyos\u00f3k, szob\u00e1k \u00e9s tanul\u00f3szob\u00e1k. A h\u00e1l\u00f3szob\u00e1kban folyamatosan az itt l\u00e1that\u00f3 szekr\u00e9nyekre \u00e9s emeletes \u00e1gyakra cser\u00e9lj\u00fck a r\u00e9gieket.<\/p>\n","protected":false},"excerpt":{"rendered":"<p>Az alap\u00edtv\u00e1nyunk c\u00e9lja Sz\u00e9p Erd\u00e9szkoll\u00e9gium Alap\u00edtv\u00e1ny A Roth Gyula Erd\u00e9szeti \u00e9s Faipari Szakk\u00f6z\u00e9piskola volt di\u00e1kjai k\u00f6zrem\u0171k\u00f6d\u00e9s\u00e9vel j\u00f6tt l\u00e9tre a Sz\u00e9p Erd\u00e9szkoll\u00e9gium Alap\u00edtv\u00e1ny 1994-ben. C\u00e9ljuk a koll\u00e9giumi k\u00f6r\u00fclm\u00e9nyek jav\u00edt\u00e1sa, az otthonos k\u00f6rnyezet kialak\u00edt\u00e1sa \u00e9s a folyamatos fejleszt\u00e9s, fel\u00faj\u00edt\u00e1s. Az alap\u00edtv\u00e1nyt a kurat\u00f3rium m\u0171k\u00f6dteti, akik az alap\u00edt\u00f3k sz\u00e1nd\u00e9k\u00e1nak megfelel\u0151en tev\u00e9kenykednek, a p\u00e9nz<span class=\"more-link\"><a href=\"https:\/\/new.rothszki.hu\/index.php\/szep-erdeszkollegium-alapitvany\/\">Tov\u00e1bb&#8230;<\/a><\/span><\/p>\n","protected":false},"author":1,"featured_media":0,"parent":0,"menu_order":0,"comment_status":"closed","ping_status":"closed","template":"","meta":{"_monsterinsights_skip_tracking":false,"_monsterinsights_sitenote_active":false,"_monsterinsights_sitenote_note":"","_monsterinsights_sitenote_category":0,"footnotes":""},"class_list":["entry","author-csendes-belarothszki-hu","post-2976","page","type-page","status-publish"],"_links":{"self":[{"href":"https:\/\/new.rothszki.hu\/index.php\/wp-json\/wp\/v2\/pages\/2976","targetHints":{"allow":["GET"]}}],"collection":[{"href":"https:\/\/new.rothszki.hu\/index.php\/wp-json\/wp\/v2\/pages"}],"about":[{"href":"https:\/\/new.rothszki.hu\/index.php\/wp-json\/wp\/v2\/types\/page"}],"author":[{"embeddable":true,"href":"https:\/\/new.rothszki.hu\/index.php\/wp-json\/wp\/v2\/users\/1"}],"replies":[{"embeddable":true,"href":"https:\/\/new.rothszki.hu\/index.php\/wp-json\/wp\/v2\/comments?post=2976"}],"version-history":[{"count":3,"href":"https:\/\/new.rothszki.hu\/index.php\/wp-json\/wp\/v2\/pages\/2976\/revisions"}],"predecessor-version":[{"id":7951,"href":"https:\/\/new.rothszki.hu\/index.php\/wp-json\/wp\/v2\/pages\/2976\/revisions\/7951"}],"wp:attachment":[{"href":"https:\/\/new.rothszki.hu\/index.php\/wp-json\/wp\/v2\/media?parent=2976"}],"curies":[{"name":"wp","href":"https:\/\/api.w.org\/{rel}","templated":true}]}}

Szép Erdészkollégium Alapítvány

<h1 class="wp-block-heading">Az alapítványunk célja</h1>



<p>Szép Erdészkollégium Alapítvány</p>



<p>A Roth Gyula Erdészeti és Faipari Szakközépiskola volt diákjai közreműködésével jött létre a Szép Erdészkollégium Alapítvány 1994-ben. Céljuk a kollégiumi körülmények javítása, az otthonos környezet kialakítása és a folyamatos fejlesztés, felújítás.</p>



<p>Az alapítványt a kuratórium működteti, akik az alapítók szándékának megfelelően tevékenykednek, a pénz felhasználásáról döntenek és beszámolót tartanak az alapítók felé.</p>



<p>A 2003. előtti években nagy beruházásokat nem tudtunk megvalósítani, így inkább a kollégiumi felújítási munkák támogatása volt a cél. Minden második évben néhány száz-ezer forinttal segítettük azokat.</p>



<p>2001 évben megkapta az alapítvány a közhasznúsági fokozatot. Mindez a támogatások fokozott emelkedéséhez nagymértékben hozzájárult.</p>



<p>Mivel 2006 évben az ÁFA módosítását kértük, így a 2007 évben az ÁFA összegét vissza tudtuk igényelni, és vissza tudtuk forgatni beszerzésre!</p>



<h1 class="wp-block-heading">Adományozás módja</h1>



<p>Alapítványunkat közvetlenül is támogathatja a 11996004-02206013-00000000 számlaszámra történő befizetéssel.</p>



<h1 class="wp-block-heading">Az 1 %-os befizetések</h1>



<p>Alapítványunk egyik legfontosabb bevételi forrása az adó 1 %-ának befizetése. Néhány éve jelenlegi diákjaink szüleit és volt diákjainkat egy levélben kérjük arra, hogy befizetéseikkel támogassák az alapítványunkat. Ennek a levélnek köszönhetően örvendetesen megszaporodott a támogatások száma és értéke. Ezúton szeretnénk megköszönni mindazoknak, akik ilyen módon támogatták iskolánk kollégiumában élő diákjaink életkörülményeinek javítását.</p>



<p>Végül, álljon itt az eddigi befizetésekről szóló táblázat (reméljük, az Ön adománya is szerepel a táblázatban)</p>



<h2 class="wp-block-heading">Letölthető 1%-os nyilatkozat</h2>



<figure class="wp-block-image"><a href="https://new.rothszki.hu/wp-content/uploads/2022/03/Ado-egy-szazaleka-2022_Szep-erdeszkolesz.pdf" target="_blank" rel="noreferrer noopener"><img loading="lazy" decoding="async" width="128" height="128" src="https://new.rothszki.hu/wp-content/uploads/2018/12/pdf.png" alt="" class="wp-image-2141"/></a></figure>



<h1 class="wp-block-heading">Néhány kép a felújított kollégiumi részekről</h1>



<p>Az eddigi támogatásból felújított kollégiumi folyosók, szobák és tanulószobák. A hálószobákban folyamatosan az itt látható szekrényekre és emeletes ágyakra cseréljük a régieket.</p>

<p>Az alapítványunk célja Szép Erdészkollégium Alapítvány A Roth Gyula Erdészeti és Faipari Szakközépiskola volt diákjai közreműködésével jött létre a Szép Erdészkollégium Alapítvány 1994-ben. Céljuk a kollégiumi körülmények javítása, az otthonos környezet kialakítása és a folyamatos fejlesztés, felújítás. Az alapítványt a kuratórium működteti, akik az alapítók szándékának megfelelően tevékenykednek, a pénz<span class="more-link"><a href="https://new.rothszki.hu/index.php/szep-erdeszkollegium-alapitvany/">Tovább&#8230;</a></span></p>
