{"id":4044,"date":"2019-03-26T07:09:56","date_gmt":"2019-03-26T07:09:56","guid":{"rendered":"https:\/\/new.rothszki.hu\/?page_id=4044"},"modified":"2019-04-12T08:07:59","modified_gmt":"2019-04-12T08:07:59","slug":"hatartalanul-program","status":"publish","type":"page","link":"https:\/\/new.rothszki.hu\/index.php\/hatartalanul-program\/","title":{"rendered":"Hat\u00e1rtalanul! Program"},"content":{"rendered":"\n<p> A Hat\u00e1rtalanul! program c\u00e9lja a magyar-magyar kapcsolatok \u00e9p\u00edt\u00e9se, szem\u00e9lyes kapcsolatok kialak\u00edt\u00e1sa, elm\u00e9ly\u00edt\u00e9se. A program a nemzetpolitikai c\u00e9lt ford\u00edtja le konkr\u00e9t tapasztalatokra, azaz a\u00a0<strong>Hat\u00e1rtalanul! a nemzeti \u00f6sszetartoz\u00e1s operat\u00edv programja<\/strong>. Keret\u00e9ben magyarorsz\u00e1gi iskol\u00e1k tanul\u00f3i az \u00e1llam t\u00e1mogat\u00e1s\u00e1val oszt\u00e1lykir\u00e1ndul\u00e1son vesznek r\u00e9szt a szomsz\u00e9dos orsz\u00e1gok magyarlakta ter\u00fcletein, \u00edgy szem\u00e9lyes tapasztal\u00e1sokat szereznek a k\u00fclhoni magyars\u00e1gr\u00f3l. <\/p>\n\n\n\n<h2 class=\"wp-block-heading\">Besz\u00e1mol\u00f3<\/h2>\n\n\n\n<p>Iskol\u00e1nk, a soproni Roth Gyula Szakgimn\u00e1zium, Szakk\u00f6z\u00e9piskola \u00e9s Koll\u00e9gium sikeresen p\u00e1ly\u00e1zott a 2018-ban meghirdetett Hat\u00e1rtalanul! programban a <em>Cs\u00edkszeredai barangol\u00e1sok<\/em> projekttel, aminek k\u00f6sz\u00f6nhet\u0151en 40 di\u00e1k \u00e9s 4 k\u00eds\u00e9r\u0151tan\u00e1r r\u00e9szt vehetett egy tanulm\u00e1nyi kir\u00e1ndul\u00e1son 2019. febru\u00e1r 25. \u00e9s m\u00e1rcius 1. k\u00f6z\u00f6tt. Az utaz\u00e1s sor\u00e1n megl\u00e1togattuk \u00e9s partneri kapcsolatot \u00e9p\u00edtett\u00fcnk ki (hagyom\u00e1nyteremt\u0151 sz\u00e1nd\u00e9kkal) a Cs\u00edkszered\u00e1ban m\u0171k\u00f6d\u0151 Venczel J\u00f3zsef K\u00f6z\u00e9piskol\u00e1val. Az \u00fat sor\u00e1n felkerest\u00fck Erd\u00e9ly fontos t\u00f6rt\u00e9nelmi v\u00e1rosait, eml\u00e9khelyeit, megismerkedt\u00fcnk Sz\u00e9kelyf\u00f6ld erd\u00e9szeti-vad\u00e1szati szok\u00e1saival \u00e9s hagyom\u00e1nyaival. Tanul\u00f3ink \u00e9lm\u00e9nyekben gazdagon, \u00faj bar\u00e1ts\u00e1gokat k\u00f6tve \u00e9s magyars\u00e1gtudatukban meger\u0151s\u00f6dve t\u00e9rhettek haza. A program r\u00e9szek\u00e9nt 2019. m\u00e1rcius 11. \u00e9s 15. k\u00f6z\u00f6tt a mi iskol\u00e1nk fogadta a sz\u00e9kelyf\u00f6ldi iskola 40 erd\u00e9sztanul\u00f3j\u00e1t \u00e9s n\u00e9gy k\u00eds\u00e9r\u0151tan\u00e1r\u00e1t, akik a soproni erd\u00e9sztanul\u00f3kkal k\u00f6z\u00f6sen v\u00e1ltozatos programokon vettek r\u00e9szt v\u00e1rosunkban \u00e9s a sz\u0171kebb t\u00e9rs\u00e9gben.<\/p>\n\n\n\n<ul class=\"wp-block-gallery columns-3 is-cropped wp-block-gallery-1 is-layout-flex wp-block-gallery-is-layout-flex\"><li class=\"blocks-gallery-item\"><figure><img loading=\"lazy\" decoding=\"async\" width=\"1024\" height=\"685\" src=\"https:\/\/new.rothszki.hu\/wp-content\/uploads\/2019\/04\/Arad-1024x685.jpg\" alt=\"\" data-id=\"4210\" data-link=\"https:\/\/new.rothszki.hu\/index.php\/hatartalanul-program\/arad\/\" class=\"wp-image-4210\" srcset=\"https:\/\/new.rothszki.hu\/wp-content\/uploads\/2019\/04\/Arad-1024x685.jpg 1024w, https:\/\/new.rothszki.hu\/wp-content\/uploads\/2019\/04\/Arad-300x201.jpg 300w, https:\/\/new.rothszki.hu\/wp-content\/uploads\/2019\/04\/Arad-768x514.jpg 768w, https:\/\/new.rothszki.hu\/wp-content\/uploads\/2019\/04\/Arad-465x311.jpg 465w, https:\/\/new.rothszki.hu\/wp-content\/uploads\/2019\/04\/Arad-695x465.jpg 695w\" sizes=\"auto, (max-width: 1024px) 100vw, 1024px\" \/><\/figure><\/li><li class=\"blocks-gallery-item\"><figure><img loading=\"lazy\" decoding=\"async\" width=\"1024\" height=\"685\" src=\"https:\/\/new.rothszki.hu\/wp-content\/uploads\/2019\/04\/Cs\u00edksomly\u00f3-Csoportk\u00e9p-a-Kegytemplomn\u00e1l-1024x685.jpg\" alt=\"\" data-id=\"4211\" data-link=\"https:\/\/new.rothszki.hu\/index.php\/hatartalanul-program\/csiksomlyo-csoportkep-a-kegytemplomnal\/\" class=\"wp-image-4211\" srcset=\"https:\/\/new.rothszki.hu\/wp-content\/uploads\/2019\/04\/Cs\u00edksomly\u00f3-Csoportk\u00e9p-a-Kegytemplomn\u00e1l-1024x685.jpg 1024w, https:\/\/new.rothszki.hu\/wp-content\/uploads\/2019\/04\/Cs\u00edksomly\u00f3-Csoportk\u00e9p-a-Kegytemplomn\u00e1l-300x201.jpg 300w, https:\/\/new.rothszki.hu\/wp-content\/uploads\/2019\/04\/Cs\u00edksomly\u00f3-Csoportk\u00e9p-a-Kegytemplomn\u00e1l-768x514.jpg 768w, https:\/\/new.rothszki.hu\/wp-content\/uploads\/2019\/04\/Cs\u00edksomly\u00f3-Csoportk\u00e9p-a-Kegytemplomn\u00e1l-465x311.jpg 465w, https:\/\/new.rothszki.hu\/wp-content\/uploads\/2019\/04\/Cs\u00edksomly\u00f3-Csoportk\u00e9p-a-Kegytemplomn\u00e1l-695x465.jpg 695w\" sizes=\"auto, (max-width: 1024px) 100vw, 1024px\" \/><\/figure><\/li><li class=\"blocks-gallery-item\"><figure><img loading=\"lazy\" decoding=\"async\" width=\"768\" height=\"1024\" src=\"https:\/\/new.rothszki.hu\/wp-content\/uploads\/2019\/04\/Cs\u00edkszereda-Eml\u00e9kszalag-felk\u00f6t\u00e9se-az-iskolaz\u00e1szl\u00f3ra-768x1024.jpg\" alt=\"\" data-id=\"4212\" data-link=\"https:\/\/new.rothszki.hu\/index.php\/hatartalanul-program\/csikszereda-emlekszalag-felkotese-az-iskolazaszlora\/\" class=\"wp-image-4212\" srcset=\"https:\/\/new.rothszki.hu\/wp-content\/uploads\/2019\/04\/Cs\u00edkszereda-Eml\u00e9kszalag-felk\u00f6t\u00e9se-az-iskolaz\u00e1szl\u00f3ra-768x1024.jpg 768w, https:\/\/new.rothszki.hu\/wp-content\/uploads\/2019\/04\/Cs\u00edkszereda-Eml\u00e9kszalag-felk\u00f6t\u00e9se-az-iskolaz\u00e1szl\u00f3ra-225x300.jpg 225w, https:\/\/new.rothszki.hu\/wp-content\/uploads\/2019\/04\/Cs\u00edkszereda-Eml\u00e9kszalag-felk\u00f6t\u00e9se-az-iskolaz\u00e1szl\u00f3ra-413x550.jpg 413w, https:\/\/new.rothszki.hu\/wp-content\/uploads\/2019\/04\/Cs\u00edkszereda-Eml\u00e9kszalag-felk\u00f6t\u00e9se-az-iskolaz\u00e1szl\u00f3ra-375x500.jpg 375w\" sizes=\"auto, (max-width: 768px) 100vw, 768px\" \/><figcaption>rpt<\/figcaption><\/figure><\/li><li class=\"blocks-gallery-item\"><figure><img loading=\"lazy\" decoding=\"async\" width=\"1024\" height=\"768\" src=\"https:\/\/new.rothszki.hu\/wp-content\/uploads\/2019\/04\/Sopron-koszor\u00faz\u00e1s-1024x768.jpg\" alt=\"\" data-id=\"4213\" data-link=\"https:\/\/new.rothszki.hu\/index.php\/hatartalanul-program\/sopron-koszoruzas\/\" class=\"wp-image-4213\" srcset=\"https:\/\/new.rothszki.hu\/wp-content\/uploads\/2019\/04\/Sopron-koszor\u00faz\u00e1s-1024x768.jpg 1024w, https:\/\/new.rothszki.hu\/wp-content\/uploads\/2019\/04\/Sopron-koszor\u00faz\u00e1s-300x225.jpg 300w, https:\/\/new.rothszki.hu\/wp-content\/uploads\/2019\/04\/Sopron-koszor\u00faz\u00e1s-768x576.jpg 768w, https:\/\/new.rothszki.hu\/wp-content\/uploads\/2019\/04\/Sopron-koszor\u00faz\u00e1s-465x349.jpg 465w, https:\/\/new.rothszki.hu\/wp-content\/uploads\/2019\/04\/Sopron-koszor\u00faz\u00e1s-667x500.jpg 667w\" sizes=\"auto, (max-width: 1024px) 100vw, 1024px\" \/><\/figure><\/li><li class=\"blocks-gallery-item\"><figure><img loading=\"lazy\" decoding=\"async\" width=\"1024\" height=\"683\" src=\"https:\/\/new.rothszki.hu\/wp-content\/uploads\/2019\/04\/Sopron-M\u00e1rcius-15.-k\u00f6z\u00f6s-meg\u00fcnnepl\u00e9se-1024x683.jpg\" alt=\"\" data-id=\"4214\" data-link=\"https:\/\/new.rothszki.hu\/index.php\/hatartalanul-program\/sopron-marcius-15-kozos-megunneplese\/\" class=\"wp-image-4214\" srcset=\"https:\/\/new.rothszki.hu\/wp-content\/uploads\/2019\/04\/Sopron-M\u00e1rcius-15.-k\u00f6z\u00f6s-meg\u00fcnnepl\u00e9se-1024x683.jpg 1024w, https:\/\/new.rothszki.hu\/wp-content\/uploads\/2019\/04\/Sopron-M\u00e1rcius-15.-k\u00f6z\u00f6s-meg\u00fcnnepl\u00e9se-300x200.jpg 300w, https:\/\/new.rothszki.hu\/wp-content\/uploads\/2019\/04\/Sopron-M\u00e1rcius-15.-k\u00f6z\u00f6s-meg\u00fcnnepl\u00e9se-768x512.jpg 768w, https:\/\/new.rothszki.hu\/wp-content\/uploads\/2019\/04\/Sopron-M\u00e1rcius-15.-k\u00f6z\u00f6s-meg\u00fcnnepl\u00e9se-465x310.jpg 465w, https:\/\/new.rothszki.hu\/wp-content\/uploads\/2019\/04\/Sopron-M\u00e1rcius-15.-k\u00f6z\u00f6s-meg\u00fcnnepl\u00e9se-695x463.jpg 695w\" sizes=\"auto, (max-width: 1024px) 100vw, 1024px\" \/><\/figure><\/li><li class=\"blocks-gallery-item\"><figure><img loading=\"lazy\" decoding=\"async\" width=\"1024\" height=\"768\" src=\"https:\/\/new.rothszki.hu\/wp-content\/uploads\/2019\/04\/Sz\u00e9kelyudvarhely-Eml\u00e9kez\u00e9s-Parkja-1024x768.jpg\" alt=\"\" data-id=\"4215\" data-link=\"https:\/\/new.rothszki.hu\/index.php\/hatartalanul-program\/szekelyudvarhely-emlekezes-parkja\/\" class=\"wp-image-4215\" srcset=\"https:\/\/new.rothszki.hu\/wp-content\/uploads\/2019\/04\/Sz\u00e9kelyudvarhely-Eml\u00e9kez\u00e9s-Parkja-1024x768.jpg 1024w, https:\/\/new.rothszki.hu\/wp-content\/uploads\/2019\/04\/Sz\u00e9kelyudvarhely-Eml\u00e9kez\u00e9s-Parkja-300x225.jpg 300w, https:\/\/new.rothszki.hu\/wp-content\/uploads\/2019\/04\/Sz\u00e9kelyudvarhely-Eml\u00e9kez\u00e9s-Parkja-768x576.jpg 768w, https:\/\/new.rothszki.hu\/wp-content\/uploads\/2019\/04\/Sz\u00e9kelyudvarhely-Eml\u00e9kez\u00e9s-Parkja-465x349.jpg 465w, https:\/\/new.rothszki.hu\/wp-content\/uploads\/2019\/04\/Sz\u00e9kelyudvarhely-Eml\u00e9kez\u00e9s-Parkja-667x500.jpg 667w\" sizes=\"auto, (max-width: 1024px) 100vw, 1024px\" \/><figcaption>cof<\/figcaption><\/figure><\/li><\/ul>\n","protected":false},"excerpt":{"rendered":"<p>A Hat\u00e1rtalanul! program c\u00e9lja a magyar-magyar kapcsolatok \u00e9p\u00edt\u00e9se, szem\u00e9lyes kapcsolatok kialak\u00edt\u00e1sa, elm\u00e9ly\u00edt\u00e9se. A program a nemzetpolitikai c\u00e9lt ford\u00edtja le konkr\u00e9t tapasztalatokra, azaz a\u00a0Hat\u00e1rtalanul! a nemzeti \u00f6sszetartoz\u00e1s operat\u00edv programja. Keret\u00e9ben magyarorsz\u00e1gi iskol\u00e1k tanul\u00f3i az \u00e1llam t\u00e1mogat\u00e1s\u00e1val oszt\u00e1lykir\u00e1ndul\u00e1son vesznek r\u00e9szt a szomsz\u00e9dos orsz\u00e1gok magyarlakta ter\u00fcletein, \u00edgy szem\u00e9lyes tapasztal\u00e1sokat szereznek a k\u00fclhoni magyars\u00e1gr\u00f3l.<span class=\"more-link\"><a href=\"https:\/\/new.rothszki.hu\/index.php\/hatartalanul-program\/\">Tov\u00e1bb&#8230;<\/a><\/span><\/p>\n","protected":false},"author":1,"featured_media":0,"parent":0,"menu_order":0,"comment_status":"closed","ping_status":"closed","template":"","meta":{"_monsterinsights_skip_tracking":false,"_monsterinsights_sitenote_active":false,"_monsterinsights_sitenote_note":"","_monsterinsights_sitenote_category":0,"footnotes":""},"class_list":["entry","author-csendes-belarothszki-hu","post-4044","page","type-page","status-publish"],"_links":{"self":[{"href":"https:\/\/new.rothszki.hu\/index.php\/wp-json\/wp\/v2\/pages\/4044","targetHints":{"allow":["GET"]}}],"collection":[{"href":"https:\/\/new.rothszki.hu\/index.php\/wp-json\/wp\/v2\/pages"}],"about":[{"href":"https:\/\/new.rothszki.hu\/index.php\/wp-json\/wp\/v2\/types\/page"}],"author":[{"embeddable":true,"href":"https:\/\/new.rothszki.hu\/index.php\/wp-json\/wp\/v2\/users\/1"}],"replies":[{"embeddable":true,"href":"https:\/\/new.rothszki.hu\/index.php\/wp-json\/wp\/v2\/comments?post=4044"}],"version-history":[{"count":2,"href":"https:\/\/new.rothszki.hu\/index.php\/wp-json\/wp\/v2\/pages\/4044\/revisions"}],"predecessor-version":[{"id":4216,"href":"https:\/\/new.rothszki.hu\/index.php\/wp-json\/wp\/v2\/pages\/4044\/revisions\/4216"}],"wp:attachment":[{"href":"https:\/\/new.rothszki.hu\/index.php\/wp-json\/wp\/v2\/media?parent=4044"}],"curies":[{"name":"wp","href":"https:\/\/api.w.org\/{rel}","templated":true}]}}