{"id":8865,"date":"2022-11-09T18:13:18","date_gmt":"2022-11-09T18:13:18","guid":{"rendered":"https:\/\/new.rothszki.hu\/?page_id=8865"},"modified":"2025-11-25T11:34:23","modified_gmt":"2025-11-25T11:34:23","slug":"nappali-tagozat","status":"publish","type":"page","link":"https:\/\/new.rothszki.hu\/index.php\/nappali-tagozat\/","title":{"rendered":"Nappali tagozat"},"content":{"rendered":"\n<figure class=\"wp-block-gallery has-nested-images columns-default is-cropped wp-block-gallery-1 is-layout-flex wp-block-gallery-is-layout-flex\">\n<figure class=\"wp-block-image size-large\"><img loading=\"lazy\" decoding=\"async\" width=\"693\" height=\"1024\" data-id=\"12497\" src=\"https:\/\/new.rothszki.hu\/wp-content\/uploads\/2025\/11\/KisalfoldiASZC_CLP_202510_ERDESZTECHNIKUS_ROTH_SOPRON-693x1024.jpg\" alt=\"\" class=\"wp-image-12497\" srcset=\"https:\/\/new.rothszki.hu\/wp-content\/uploads\/2025\/11\/KisalfoldiASZC_CLP_202510_ERDESZTECHNIKUS_ROTH_SOPRON-693x1024.jpg 693w, https:\/\/new.rothszki.hu\/wp-content\/uploads\/2025\/11\/KisalfoldiASZC_CLP_202510_ERDESZTECHNIKUS_ROTH_SOPRON-203x300.jpg 203w, https:\/\/new.rothszki.hu\/wp-content\/uploads\/2025\/11\/KisalfoldiASZC_CLP_202510_ERDESZTECHNIKUS_ROTH_SOPRON-768x1134.jpg 768w, https:\/\/new.rothszki.hu\/wp-content\/uploads\/2025\/11\/KisalfoldiASZC_CLP_202510_ERDESZTECHNIKUS_ROTH_SOPRON-372x550.jpg 372w, https:\/\/new.rothszki.hu\/wp-content\/uploads\/2025\/11\/KisalfoldiASZC_CLP_202510_ERDESZTECHNIKUS_ROTH_SOPRON-339x500.jpg 339w, https:\/\/new.rothszki.hu\/wp-content\/uploads\/2025\/11\/KisalfoldiASZC_CLP_202510_ERDESZTECHNIKUS_ROTH_SOPRON.jpg 1000w\" sizes=\"auto, (max-width: 693px) 100vw, 693px\" \/><\/figure>\n\n\n\n<figure class=\"wp-block-image size-large\"><img loading=\"lazy\" decoding=\"async\" width=\"693\" height=\"1024\" data-id=\"12498\" src=\"https:\/\/new.rothszki.hu\/wp-content\/uploads\/2025\/11\/KisalfoldiASZC_CLP_202510_FAIPARITECHNIKUS_ROTH_SOPRON-693x1024.jpg\" alt=\"\" class=\"wp-image-12498\" srcset=\"https:\/\/new.rothszki.hu\/wp-content\/uploads\/2025\/11\/KisalfoldiASZC_CLP_202510_FAIPARITECHNIKUS_ROTH_SOPRON-693x1024.jpg 693w, https:\/\/new.rothszki.hu\/wp-content\/uploads\/2025\/11\/KisalfoldiASZC_CLP_202510_FAIPARITECHNIKUS_ROTH_SOPRON-203x300.jpg 203w, https:\/\/new.rothszki.hu\/wp-content\/uploads\/2025\/11\/KisalfoldiASZC_CLP_202510_FAIPARITECHNIKUS_ROTH_SOPRON-768x1134.jpg 768w, https:\/\/new.rothszki.hu\/wp-content\/uploads\/2025\/11\/KisalfoldiASZC_CLP_202510_FAIPARITECHNIKUS_ROTH_SOPRON-372x550.jpg 372w, https:\/\/new.rothszki.hu\/wp-content\/uploads\/2025\/11\/KisalfoldiASZC_CLP_202510_FAIPARITECHNIKUS_ROTH_SOPRON-339x500.jpg 339w, https:\/\/new.rothszki.hu\/wp-content\/uploads\/2025\/11\/KisalfoldiASZC_CLP_202510_FAIPARITECHNIKUS_ROTH_SOPRON.jpg 1000w\" sizes=\"auto, (max-width: 693px) 100vw, 693px\" \/><\/figure>\n\n\n\n<figure class=\"wp-block-image size-large\"><img loading=\"lazy\" decoding=\"async\" width=\"693\" height=\"1024\" data-id=\"12499\" src=\"https:\/\/new.rothszki.hu\/wp-content\/uploads\/2025\/11\/KisalfoldiASZC_CLP_202510_KORNYEZETVEDELMI_ROTH_SOPRON-693x1024.jpg\" alt=\"\" class=\"wp-image-12499\" srcset=\"https:\/\/new.rothszki.hu\/wp-content\/uploads\/2025\/11\/KisalfoldiASZC_CLP_202510_KORNYEZETVEDELMI_ROTH_SOPRON-693x1024.jpg 693w, https:\/\/new.rothszki.hu\/wp-content\/uploads\/2025\/11\/KisalfoldiASZC_CLP_202510_KORNYEZETVEDELMI_ROTH_SOPRON-203x300.jpg 203w, https:\/\/new.rothszki.hu\/wp-content\/uploads\/2025\/11\/KisalfoldiASZC_CLP_202510_KORNYEZETVEDELMI_ROTH_SOPRON-768x1134.jpg 768w, https:\/\/new.rothszki.hu\/wp-content\/uploads\/2025\/11\/KisalfoldiASZC_CLP_202510_KORNYEZETVEDELMI_ROTH_SOPRON-372x550.jpg 372w, https:\/\/new.rothszki.hu\/wp-content\/uploads\/2025\/11\/KisalfoldiASZC_CLP_202510_KORNYEZETVEDELMI_ROTH_SOPRON-339x500.jpg 339w, https:\/\/new.rothszki.hu\/wp-content\/uploads\/2025\/11\/KisalfoldiASZC_CLP_202510_KORNYEZETVEDELMI_ROTH_SOPRON.jpg 1000w\" sizes=\"auto, (max-width: 693px) 100vw, 693px\" \/><\/figure>\n<\/figure>\n\n\n\n<p class=\"has-medium-font-size\"><strong><a href=\"https:\/\/new.rothszki.hu\/wp-content\/uploads\/2024\/10\/Iskolai-tajekoztato-2024.okt20.pdf\">Iskolai t\u00e1j\u00e9koztat\u00f3<\/a><\/strong><\/p>\n\n\n\n<p class=\"has-medium-font-size\"><a rel=\"noreferrer noopener\" href=\"https:\/\/new.rothszki.hu\/wp-content\/uploads\/2021\/10\/Erdesz_2021.pdf\" target=\"_blank\"><strong>Erd\u00e9sztechnikus k\u00e9pz\u00e9si t\u00e1j\u00e9koztat\u00f3ja<\/strong><\/a><\/p>\n\n\n\n<p class=\"has-medium-font-size\"><strong><a rel=\"noreferrer noopener\" href=\"https:\/\/new.rothszki.hu\/wp-content\/uploads\/2021\/10\/Faipar_2021.pdf\" target=\"_blank\">Faipari technikus k\u00e9pz\u00e9si t\u00e1j\u00e9koztat\u00f3ja<\/a><\/strong><\/p>\n\n\n\n<p class=\"has-medium-font-size\"><strong><a rel=\"noreferrer noopener\" href=\"https:\/\/new.rothszki.hu\/wp-content\/uploads\/2021\/10\/Kornyezetvedo_2021.pdf\" target=\"_blank\">K\u00f6rnyezetv\u00e9delmi technikus k\u00e9pz\u00e9si t\u00e1j\u00e9koztat\u00f3ja<\/a><\/strong><\/p>\n\n\n\n<p class=\"has-black-color has-light-green-cyan-background-color has-text-color has-background has-medium-font-size\"><strong>K\u00e9pz\u00e9seink bemutat\u00f3 filmjei<\/strong><\/p>\n\n\n\n<div class=\"wp-block-columns is-layout-flex wp-container-core-columns-is-layout-9d6595d7 wp-block-columns-is-layout-flex\">\n<div class=\"wp-block-column is-layout-flow wp-block-column-is-layout-flow\">\n<div class=\"wp-block-media-text alignwide is-stacked-on-mobile\"><figure class=\"wp-block-media-text__media\"><a href=\"https:\/\/youtu.be\/UmciVF9yE6s\" target=\"_blank\" rel=\"noreferrer noopener\"><img loading=\"lazy\" decoding=\"async\" width=\"850\" height=\"481\" src=\"https:\/\/new.rothszki.hu\/wp-content\/uploads\/2021\/11\/erdesz.jpg\" alt=\"\" class=\"wp-image-7502 size-full\" srcset=\"https:\/\/new.rothszki.hu\/wp-content\/uploads\/2021\/11\/erdesz.jpg 850w, https:\/\/new.rothszki.hu\/wp-content\/uploads\/2021\/11\/erdesz-300x170.jpg 300w, https:\/\/new.rothszki.hu\/wp-content\/uploads\/2021\/11\/erdesz-768x435.jpg 768w, https:\/\/new.rothszki.hu\/wp-content\/uploads\/2021\/11\/erdesz-465x263.jpg 465w, https:\/\/new.rothszki.hu\/wp-content\/uploads\/2021\/11\/erdesz-695x393.jpg 695w\" sizes=\"auto, (max-width: 850px) 100vw, 850px\" \/><\/a><\/figure><div class=\"wp-block-media-text__content\">\n<p class=\"has-medium-font-size\"><strong>Erd\u00e9sztechnikus k\u00e9pz\u00e9s bemutat\u00f3 film<\/strong><\/p>\n<\/div><\/div>\n<\/div>\n\n\n\n<div class=\"wp-block-column is-layout-flow wp-block-column-is-layout-flow\">\n<div class=\"wp-block-media-text alignwide is-stacked-on-mobile\"><figure class=\"wp-block-media-text__media\"><a href=\"https:\/\/youtu.be\/U65zVuBRN5E\" target=\"_blank\" rel=\"noreferrer noopener\"><img loading=\"lazy\" decoding=\"async\" width=\"852\" height=\"475\" src=\"https:\/\/new.rothszki.hu\/wp-content\/uploads\/2021\/11\/faipar.jpg\" alt=\"\" class=\"wp-image-7503 size-full\" srcset=\"https:\/\/new.rothszki.hu\/wp-content\/uploads\/2021\/11\/faipar.jpg 852w, https:\/\/new.rothszki.hu\/wp-content\/uploads\/2021\/11\/faipar-300x167.jpg 300w, https:\/\/new.rothszki.hu\/wp-content\/uploads\/2021\/11\/faipar-768x428.jpg 768w, https:\/\/new.rothszki.hu\/wp-content\/uploads\/2021\/11\/faipar-465x259.jpg 465w, https:\/\/new.rothszki.hu\/wp-content\/uploads\/2021\/11\/faipar-695x387.jpg 695w\" sizes=\"auto, (max-width: 852px) 100vw, 852px\" \/><\/a><\/figure><div class=\"wp-block-media-text__content\">\n<p class=\"has-medium-font-size\"><strong>Faipari technikus k\u00e9pz\u00e9s bemutat\u00f3 film<\/strong><\/p>\n<\/div><\/div>\n<\/div>\n<\/div>\n\n\n\n<div class=\"wp-block-columns is-layout-flex wp-container-core-columns-is-layout-9d6595d7 wp-block-columns-is-layout-flex\">\n<div class=\"wp-block-column is-layout-flow wp-block-column-is-layout-flow\">\n<div class=\"wp-block-media-text alignwide is-stacked-on-mobile\"><figure class=\"wp-block-media-text__media\"><a href=\"https:\/\/youtu.be\/asq0bboRzcI\" target=\"_blank\" rel=\"noreferrer noopener\"><img loading=\"lazy\" decoding=\"async\" width=\"856\" height=\"481\" src=\"https:\/\/new.rothszki.hu\/wp-content\/uploads\/2021\/11\/kornyezetvedo.jpg\" alt=\"\" class=\"wp-image-7500 size-full\" srcset=\"https:\/\/new.rothszki.hu\/wp-content\/uploads\/2021\/11\/kornyezetvedo.jpg 856w, https:\/\/new.rothszki.hu\/wp-content\/uploads\/2021\/11\/kornyezetvedo-300x169.jpg 300w, https:\/\/new.rothszki.hu\/wp-content\/uploads\/2021\/11\/kornyezetvedo-768x432.jpg 768w, https:\/\/new.rothszki.hu\/wp-content\/uploads\/2021\/11\/kornyezetvedo-465x261.jpg 465w, https:\/\/new.rothszki.hu\/wp-content\/uploads\/2021\/11\/kornyezetvedo-695x391.jpg 695w\" sizes=\"auto, (max-width: 856px) 100vw, 856px\" \/><\/a><\/figure><div class=\"wp-block-media-text__content\">\n<p class=\"has-medium-font-size\"><strong>K\u00f6rnyezetv\u00e9delmi technikus k\u00e9pz\u00e9s bemutat\u00f3 film<\/strong><\/p>\n<\/div><\/div>\n<\/div>\n\n\n\n<div class=\"wp-block-column is-layout-flow wp-block-column-is-layout-flow\">\n<div class=\"wp-block-media-text alignwide is-stacked-on-mobile\"><figure class=\"wp-block-media-text__media\"><a href=\"https:\/\/youtu.be\/A8RNvzfthMg\" target=\"_blank\" rel=\"noreferrer noopener\"><img loading=\"lazy\" decoding=\"async\" width=\"856\" height=\"480\" src=\"https:\/\/new.rothszki.hu\/wp-content\/uploads\/2021\/11\/roth-kepzesek.jpg\" alt=\"\" class=\"wp-image-7501 size-full\" srcset=\"https:\/\/new.rothszki.hu\/wp-content\/uploads\/2021\/11\/roth-kepzesek.jpg 856w, https:\/\/new.rothszki.hu\/wp-content\/uploads\/2021\/11\/roth-kepzesek-300x168.jpg 300w, https:\/\/new.rothszki.hu\/wp-content\/uploads\/2021\/11\/roth-kepzesek-768x431.jpg 768w, https:\/\/new.rothszki.hu\/wp-content\/uploads\/2021\/11\/roth-kepzesek-465x261.jpg 465w, https:\/\/new.rothszki.hu\/wp-content\/uploads\/2021\/11\/roth-kepzesek-695x390.jpg 695w\" sizes=\"auto, (max-width: 856px) 100vw, 856px\" \/><\/a><\/figure><div class=\"wp-block-media-text__content\">\n<p class=\"has-medium-font-size\"><strong>Roth iskola \u00f6sszefoglal\u00f3 beiskol\u00e1z\u00e1si film<\/strong><\/p>\n<\/div><\/div>\n<\/div>\n<\/div>\n","protected":false},"excerpt":{"rendered":"<p>Iskolai t\u00e1j\u00e9koztat\u00f3 Erd\u00e9sztechnikus k\u00e9pz\u00e9si t\u00e1j\u00e9koztat\u00f3ja Faipari technikus k\u00e9pz\u00e9si t\u00e1j\u00e9koztat\u00f3ja K\u00f6rnyezetv\u00e9delmi technikus k\u00e9pz\u00e9si t\u00e1j\u00e9koztat\u00f3ja K\u00e9pz\u00e9seink bemutat\u00f3 filmjei Erd\u00e9sztechnikus k\u00e9pz\u00e9s bemutat\u00f3 film Faipari technikus k\u00e9pz\u00e9s bemutat\u00f3 film K\u00f6rnyezetv\u00e9delmi technikus k\u00e9pz\u00e9s bemutat\u00f3 film Roth iskola \u00f6sszefoglal\u00f3 beiskol\u00e1z\u00e1si film<span class=\"more-link\"><a href=\"https:\/\/new.rothszki.hu\/index.php\/nappali-tagozat\/\">Tov\u00e1bb&#8230;<\/a><\/span><\/p>\n","protected":false},"author":5,"featured_media":0,"parent":0,"menu_order":0,"comment_status":"closed","ping_status":"closed","template":"","meta":{"_monsterinsights_skip_tracking":false,"_monsterinsights_sitenote_active":false,"_monsterinsights_sitenote_note":"","_monsterinsights_sitenote_category":0,"footnotes":""},"class_list":["entry","author-gruber-laszlorothszki-hu","post-8865","page","type-page","status-publish"],"_links":{"self":[{"href":"https:\/\/new.rothszki.hu\/index.php\/wp-json\/wp\/v2\/pages\/8865","targetHints":{"allow":["GET"]}}],"collection":[{"href":"https:\/\/new.rothszki.hu\/index.php\/wp-json\/wp\/v2\/pages"}],"about":[{"href":"https:\/\/new.rothszki.hu\/index.php\/wp-json\/wp\/v2\/types\/page"}],"author":[{"embeddable":true,"href":"https:\/\/new.rothszki.hu\/index.php\/wp-json\/wp\/v2\/users\/5"}],"replies":[{"embeddable":true,"href":"https:\/\/new.rothszki.hu\/index.php\/wp-json\/wp\/v2\/comments?post=8865"}],"version-history":[{"count":16,"href":"https:\/\/new.rothszki.hu\/index.php\/wp-json\/wp\/v2\/pages\/8865\/revisions"}],"predecessor-version":[{"id":12500,"href":"https:\/\/new.rothszki.hu\/index.php\/wp-json\/wp\/v2\/pages\/8865\/revisions\/12500"}],"wp:attachment":[{"href":"https:\/\/new.rothszki.hu\/index.php\/wp-json\/wp\/v2\/media?parent=8865"}],"curies":[{"name":"wp","href":"https:\/\/api.w.org\/{rel}","templated":true}]}}